{"id":1952,"date":"2017-06-10T15:16:46","date_gmt":"2017-06-10T14:16:46","guid":{"rendered":"http:\/\/theatre-petit-louvre.fr\/avignon\/?page_id=1952"},"modified":"2017-06-23T23:59:52","modified_gmt":"2017-06-23T22:59:52","slug":"rendez-vous-exceptionnels","status":"publish","type":"page","link":"https:\/\/theatre-petit-louvre.fr\/avignon\/spectacles-2017\/rendez-vous-exceptionnels\/","title":{"rendered":"RENDEZ-VOUS EXCEPTIONNELS"},"content":{"rendered":"<p><strong>Les compagnies en rel\u00e2che invitent des artistes et vous proposent de d\u00e9couvrir leur travail en cours, leurs projets \u00e0 venir<\/strong><\/p>\n<p><span style=\"color: #ff6600;\"><strong>11 juillet Chapelle des Templiers- lecture \u00e0 19h35 \u00a0 \u00a0 \u00a0 \u00a0 \u00a0 \u00a0 \u00a0 \u00a0 \u00a0 \u00a0 \u00a0 \u00a0 \u00a0 \u00a0 \u00a0 \u00a0 \u00a0 \u00a0 \u00a0 \u00a0 \u00a0 \u00a0 \u00a0<img loading=\"lazy\" decoding=\"async\" class=\"wp-image-1982 alignright\" src=\"http:\/\/theatre-petit-louvre.fr\/avignon\/wp-content\/uploads\/2017\/06\/herv\u00e9-Pierre.jpg\" alt=\"\" width=\"102\" height=\"136\" srcset=\"https:\/\/theatre-petit-louvre.fr\/avignon\/wp-content\/uploads\/2017\/06\/herv\u00e9-Pierre.jpg 127w, https:\/\/theatre-petit-louvre.fr\/avignon\/wp-content\/uploads\/2017\/06\/herv\u00e9-Pierre-112x150.jpg 112w\" sizes=\"auto, (max-width: 102px) 100vw, 102px\" \/><\/strong><\/span><\/p>\n<ul>\n<li><strong>MAINTENANT FOUTEZ-MOI LA PAIX ! :\u00a0<\/strong>Paul L\u00e9autaud et le Th\u00e9\u00e2tre\u2026L\u00e9autaud enfant dans le trou du souffleur de la Com\u00e9die-Fran\u00e7aise avec son p\u00e8re,&#8230;. L\u00e9autaud passionn\u00e9 par Copeau et le Th\u00e9\u00e2tre du Vieux-Colombier,&#8230;..L\u00e9autaud \u00e9voquant Claudel, Moli\u00e8re, Beaumarchais,&#8230;&#8230;L\u00e9autaud et les actrices\u2026&#8230;.. L\u00e9autaud tendre et cruel, d\u00e9sesp\u00e9r\u00e9 et incompris, L\u00e9autaud dr\u00f4le et g\u00e9nial\u00a0!<\/li>\n<\/ul>\n<p><span style=\"color: #ff6600;\"><strong>\u00a0<\/strong><strong>18 juillet salle Van Gogh &#8211; spectacle \u00e0 15h55\u00a0<img loading=\"lazy\" decoding=\"async\" class=\"wp-image-1984 alignright\" src=\"http:\/\/theatre-petit-louvre.fr\/avignon\/wp-content\/uploads\/2017\/06\/Fabrice-Roger-Lacan.jpg\" alt=\"\" width=\"111\" height=\"148\" srcset=\"https:\/\/theatre-petit-louvre.fr\/avignon\/wp-content\/uploads\/2017\/06\/Fabrice-Roger-Lacan.jpg 180w, https:\/\/theatre-petit-louvre.fr\/avignon\/wp-content\/uploads\/2017\/06\/Fabrice-Roger-Lacan-113x150.jpg 113w\" sizes=\"auto, (max-width: 111px) 100vw, 111px\" \/><\/strong><\/span><\/p>\n<ul>\n<li><strong>IRR\u00c9SISTIBLES\u00a0 :\u00a0<\/strong>L\u2019aventure d&rsquo;un homme et d&rsquo;une femme en prise avec la libert\u00e9 d&rsquo;aimer et les complications que d\u00e9sirer cette libert\u00e9 peut entra\u00eener. Comment un petit grain de sable du quotidien peut d\u00e9r\u00e9gler la m\u00e9canique d&rsquo;un couple o\u00f9 tout semble fonctionner.<\/li>\n<\/ul>\n<p><span style=\"color: #ff6600;\"><strong>18 juillet salle Van Gogh &#8211; lecture \u00e0 19h \u00a0<\/strong><\/span><\/p>\n<ul>\n<li><strong><strong>NOTE SUR LA SUPPRESSION\u00a0DES PARTIS POLITIQUES :\u00a0<\/strong><\/strong>Texte radical, r\u00e9solument <img loading=\"lazy\" decoding=\"async\" class=\"wp-image-2000 alignright\" src=\"http:\/\/theatre-petit-louvre.fr\/avignon\/wp-content\/uploads\/2017\/06\/Simone-Weil2.jpg\" alt=\"\" width=\"107\" height=\"154\" srcset=\"https:\/\/theatre-petit-louvre.fr\/avignon\/wp-content\/uploads\/2017\/06\/Simone-Weil2.jpg 156w, https:\/\/theatre-petit-louvre.fr\/avignon\/wp-content\/uploads\/2017\/06\/Simone-Weil2-104x150.jpg 104w\" sizes=\"auto, (max-width: 107px) 100vw, 107px\" \/>anticonformiste, dans lequel, Simone Weil d\u00e9fend la n\u00e9cessit\u00e9 de supprimer les partis politiques pour le bon fonctionnement de la d\u00e9mocratie.Un texte d\u2019une grande libert\u00e9 de ton, r\u00e9flexion philosophique et morale sur la notion du bien, de la justice et fort \u00e9clairant dans cette p\u00e9riode de questionnement.<\/li>\n<\/ul>\n<p><span style=\"color: #ff6600;\"><strong>18 juillet Chapelle des Templiers- lecture \u00e0 19h30<\/strong><\/span><\/p>\n<ul>\n<li><strong>MOI AUSSI JE SUIS BARBARA :\u00a0<\/strong>\u00ab\u00a0Ne nous y trompons pas, il ne s\u2019agit<img loading=\"lazy\" decoding=\"async\" class=\"wp-image-1985 alignright\" src=\"http:\/\/theatre-petit-louvre.fr\/avignon\/wp-content\/uploads\/2017\/06\/pierre-notte.jpg\" alt=\"\" width=\"115\" height=\"153\" srcset=\"https:\/\/theatre-petit-louvre.fr\/avignon\/wp-content\/uploads\/2017\/06\/pierre-notte.jpg 180w, https:\/\/theatre-petit-louvre.fr\/avignon\/wp-content\/uploads\/2017\/06\/pierre-notte-113x150.jpg 113w\" sizes=\"auto, (max-width: 115px) 100vw, 115px\" \/> pas \u00a0d\u2019un spectacle sur Barbara, mais sur une femme, jeune, Genevi\u00e8ve, contrainte \u00e0 un voyage immobile pour \u00e9chapper \u00e0 la m\u00e9diocrit\u00e9 de son entourage \u00e0 la n\u00e9vrose familiale. Il y a ici, \u00e0 n\u2019en pas douter, un r\u00e9flexe de l\u2019enfance : d\u2019aucuns cr\u00e9eront des ch\u00e2teaux forts, Genevi\u00e8ve elle, s\u2019imagine en Chanteuse de minuit. Les mots de Pierre Notte sont l\u00e0, malins, voltigeurs, dr\u00f4les, f\u00e9roces souvent, comme \u00e0 son habitude et comme je les aime. \u00ab\u00a0Moi aussi je suis Catherine Deneuve\u00a0\u00bb, \u00e9crit il y a dix ans par Pierre Notte, nous revient mais cette fois-ci en robe fourreau noire\u00a0\u00bb Jean-Charles Mouveaux<\/li>\n<\/ul>\n<p><span style=\"color: #ff6600;\"><strong>\u00a0<\/strong><strong>24, 25 et 26 juillet \u00a0Salle Van Gogh, spectacle \u00e0 14h30\u00a0<img loading=\"lazy\" decoding=\"async\" class=\"size-full wp-image-1987 alignright\" src=\"http:\/\/theatre-petit-louvre.fr\/avignon\/wp-content\/uploads\/2017\/06\/Sylvia-Berg\u00e9.jpg\" alt=\"\" width=\"128\" height=\"128\" \/><\/strong><\/span><\/p>\n<ul>\n<li><strong>LE TESTAMENT DE VANDA <\/strong>:\u00a0<strong>\u00a0<\/strong>\u00ab\u00a0Une femme. Elle a tout travers\u00e9 : la guerre, l\u2019amour perdu, \u00a0l\u2019errance, la mis\u00e8re, le rejet. Elle ne peut plus rien, ni le pas en arri\u00e8re ni le pas en avant. Pourquoi de tout cela faire th\u00e9\u00e2tre ? \u00a0Pour donner figure humaine aux ombres par le moyen de la po\u00e9sie qui seule est \u00e0 m\u00eame, je le crois, de restituer la profondeur, l&rsquo;\u00e9paisseur, les nuances et les contradictions du r\u00e9el. Sa complexit\u00e9 et son secret.\u00bb <strong>Jean-Pierre Sim\u00e9on<\/strong><\/li>\n<\/ul>\n<p><span style=\"color: #ff6600;\"><strong>\u00a0<\/strong><strong>25 juillet Chapelle des Templiers, lecture \u00e0 19h35<img loading=\"lazy\" decoding=\"async\" class=\"wp-image-1988 alignright\" src=\"http:\/\/theatre-petit-louvre.fr\/avignon\/wp-content\/uploads\/2017\/06\/pierre-notte-1.jpg\" alt=\"\" width=\"123\" height=\"164\" srcset=\"https:\/\/theatre-petit-louvre.fr\/avignon\/wp-content\/uploads\/2017\/06\/pierre-notte-1.jpg 180w, https:\/\/theatre-petit-louvre.fr\/avignon\/wp-content\/uploads\/2017\/06\/pierre-notte-1-113x150.jpg 113w\" sizes=\"auto, (max-width: 123px) 100vw, 123px\" \/><\/strong><\/span><\/p>\n<ul>\n<li><strong>L&rsquo;EFFORT D&rsquo;\u00caTRE SPECTATEUR :\u00a0<\/strong>Premier texte th\u00e9orique d\u2019un homme de th\u00e9\u00e2tre, \u00ab\u00a0L\u2019Effort d\u2019\u00eatre spectateur\u00a0\u00bb de Pierre Notte, rassemble des prises de positions et des points de vue, sur l\u2019art singulier de la relation entre le plateau et la salle, entre le public et un spectacle.<\/li>\n<\/ul>\n<p>&nbsp;<\/p>\n<p>&nbsp;<\/p>\n","protected":false},"excerpt":{"rendered":"<p>Les compagnies en rel\u00e2che invitent des artistes et vous proposent de d\u00e9couvrir leur travail en cours, leurs projets \u00e0 venir 11 juillet Chapelle des Templiers- lecture \u00e0 19h35 \u00a0 \u00a0 \u00a0 \u00a0 \u00a0 \u00a0 \u00a0 \u00a0 \u00a0 \u00a0 \u00a0 \u00a0 \u00a0 \u00a0 \u00a0 \u00a0 \u00a0 \u00a0 \u00a0 \u00a0 \u00a0 \u00a0 \u00a0 MAINTENANT FOUTEZ-MOI LA PAIX [&hellip;]<\/p>\n","protected":false},"author":1,"featured_media":0,"parent":13,"menu_order":0,"comment_status":"closed","ping_status":"closed","template":"","meta":{"_uag_custom_page_level_css":"","site-sidebar-layout":"default","site-content-layout":"","ast-site-content-layout":"default","site-content-style":"default","site-sidebar-style":"default","ast-global-header-display":"","ast-banner-title-visibility":"","ast-main-header-display":"","ast-hfb-above-header-display":"","ast-hfb-below-header-display":"","ast-hfb-mobile-header-display":"","site-post-title":"","ast-breadcrumbs-content":"","ast-featured-img":"","footer-sml-layout":"","ast-disable-related-posts":"","theme-transparent-header-meta":"","adv-header-id-meta":"","stick-header-meta":"","header-above-stick-meta":"","header-main-stick-meta":"","header-below-stick-meta":"","astra-migrate-meta-layouts":"default","ast-page-background-enabled":"default","ast-page-background-meta":{"desktop":{"background-color":"var(--ast-global-color-4)","background-image":"","background-repeat":"repeat","background-position":"center center","background-size":"auto","background-attachment":"scroll","background-type":"","background-media":"","overlay-type":"","overlay-color":"","overlay-opacity":"","overlay-gradient":""},"tablet":{"background-color":"","background-image":"","background-repeat":"repeat","background-position":"center center","background-size":"auto","background-attachment":"scroll","background-type":"","background-media":"","overlay-type":"","overlay-color":"","overlay-opacity":"","overlay-gradient":""},"mobile":{"background-color":"","background-image":"","background-repeat":"repeat","background-position":"center center","background-size":"auto","background-attachment":"scroll","background-type":"","background-media":"","overlay-type":"","overlay-color":"","overlay-opacity":"","overlay-gradient":""}},"ast-content-background-meta":{"desktop":{"background-color":"var(--ast-global-color-5)","background-image":"","background-repeat":"repeat","background-position":"center center","background-size":"auto","background-attachment":"scroll","background-type":"","background-media":"","overlay-type":"","overlay-color":"","overlay-opacity":"","overlay-gradient":""},"tablet":{"background-color":"var(--ast-global-color-5)","background-image":"","background-repeat":"repeat","background-position":"center center","background-size":"auto","background-attachment":"scroll","background-type":"","background-media":"","overlay-type":"","overlay-color":"","overlay-opacity":"","overlay-gradient":""},"mobile":{"background-color":"var(--ast-global-color-5)","background-image":"","background-repeat":"repeat","background-position":"center center","background-size":"auto","background-attachment":"scroll","background-type":"","background-media":"","overlay-type":"","overlay-color":"","overlay-opacity":"","overlay-gradient":""}},"footnotes":"","_links_to":"","_links_to_target":""},"categories":[9,10],"tags":[],"class_list":["post-1952","page","type-page","status-publish","hentry","category-chapelle-des-templiers","category-salle-van-gogh"],"yoast_head":"<!-- This site is optimized with the Yoast SEO plugin v27.3 - https:\/\/yoast.com\/product\/yoast-seo-wordpress\/ -->\n<title>RENDEZ-VOUS EXCEPTIONNELS - Le Petit Louvre<\/title>\n<meta name=\"description\" content=\"Chaque \u00e9t\u00e9, un th\u00e9\u00e2tre au c\u0153ur d&#039;Avignon, Festival off : des textes, des auteurs, des autrices, des acteurs, des actrices. Deux salles climatis\u00e9es, 15 spectacles, un bar-restaurant.\" \/>\n<meta name=\"robots\" content=\"index, follow, max-snippet:-1, max-image-preview:large, max-video-preview:-1\" \/>\n<link rel=\"canonical\" href=\"https:\/\/theatre-petit-louvre.fr\/avignon\/spectacles-2017\/rendez-vous-exceptionnels\/\" \/>\n<meta property=\"og:locale\" content=\"fr_FR\" \/>\n<meta property=\"og:type\" content=\"article\" \/>\n<meta property=\"og:title\" content=\"RENDEZ-VOUS EXCEPTIONNELS - Le Petit Louvre\" \/>\n<meta property=\"og:description\" content=\"Chaque \u00e9t\u00e9, un th\u00e9\u00e2tre au c\u0153ur d&#039;Avignon, Festival off : des textes, des auteurs, des autrices, des acteurs, des actrices. Deux salles climatis\u00e9es, 15 spectacles, un bar-restaurant.\" \/>\n<meta property=\"og:url\" content=\"https:\/\/theatre-petit-louvre.fr\/avignon\/spectacles-2017\/rendez-vous-exceptionnels\/\" \/>\n<meta property=\"og:site_name\" content=\"Le Petit Louvre\" \/>\n<meta property=\"article:modified_time\" content=\"2017-06-23T22:59:52+00:00\" \/>\n<meta property=\"og:image\" content=\"http:\/\/theatre-petit-louvre.fr\/avignon\/wp-content\/uploads\/2017\/06\/Fabrice-Roger-Lacan.jpg\" \/>\n<meta name=\"twitter:label1\" content=\"Dur\u00e9e de lecture estim\u00e9e\" \/>\n\t<meta name=\"twitter:data1\" content=\"3 minutes\" \/>\n<script type=\"application\/ld+json\" class=\"yoast-schema-graph\">{\"@context\":\"https:\\\/\\\/schema.org\",\"@graph\":[{\"@type\":\"WebPage\",\"@id\":\"https:\\\/\\\/theatre-petit-louvre.fr\\\/avignon\\\/spectacles-2017\\\/rendez-vous-exceptionnels\\\/\",\"url\":\"https:\\\/\\\/theatre-petit-louvre.fr\\\/avignon\\\/spectacles-2017\\\/rendez-vous-exceptionnels\\\/\",\"name\":\"RENDEZ-VOUS EXCEPTIONNELS - Le Petit Louvre\",\"isPartOf\":{\"@id\":\"https:\\\/\\\/theatre-petit-louvre.fr\\\/avignon\\\/#website\"},\"primaryImageOfPage\":{\"@id\":\"https:\\\/\\\/theatre-petit-louvre.fr\\\/avignon\\\/spectacles-2017\\\/rendez-vous-exceptionnels\\\/#primaryimage\"},\"image\":{\"@id\":\"https:\\\/\\\/theatre-petit-louvre.fr\\\/avignon\\\/spectacles-2017\\\/rendez-vous-exceptionnels\\\/#primaryimage\"},\"thumbnailUrl\":\"http:\\\/\\\/theatre-petit-louvre.fr\\\/avignon\\\/wp-content\\\/uploads\\\/2017\\\/06\\\/Fabrice-Roger-Lacan.jpg\",\"datePublished\":\"2017-06-10T14:16:46+00:00\",\"dateModified\":\"2017-06-23T22:59:52+00:00\",\"description\":\"Chaque \u00e9t\u00e9, un th\u00e9\u00e2tre au c\u0153ur d'Avignon, Festival off : des textes, des auteurs, des autrices, des acteurs, des actrices. Deux salles climatis\u00e9es, 15 spectacles, un bar-restaurant.\",\"breadcrumb\":{\"@id\":\"https:\\\/\\\/theatre-petit-louvre.fr\\\/avignon\\\/spectacles-2017\\\/rendez-vous-exceptionnels\\\/#breadcrumb\"},\"inLanguage\":\"fr-FR\",\"potentialAction\":[{\"@type\":\"ReadAction\",\"target\":[\"https:\\\/\\\/theatre-petit-louvre.fr\\\/avignon\\\/spectacles-2017\\\/rendez-vous-exceptionnels\\\/\"]}]},{\"@type\":\"ImageObject\",\"inLanguage\":\"fr-FR\",\"@id\":\"https:\\\/\\\/theatre-petit-louvre.fr\\\/avignon\\\/spectacles-2017\\\/rendez-vous-exceptionnels\\\/#primaryimage\",\"url\":\"https:\\\/\\\/theatre-petit-louvre.fr\\\/avignon\\\/wp-content\\\/uploads\\\/2017\\\/06\\\/Fabrice-Roger-Lacan.jpg\",\"contentUrl\":\"https:\\\/\\\/theatre-petit-louvre.fr\\\/avignon\\\/wp-content\\\/uploads\\\/2017\\\/06\\\/Fabrice-Roger-Lacan.jpg\",\"width\":180,\"height\":240},{\"@type\":\"BreadcrumbList\",\"@id\":\"https:\\\/\\\/theatre-petit-louvre.fr\\\/avignon\\\/spectacles-2017\\\/rendez-vous-exceptionnels\\\/#breadcrumb\",\"itemListElement\":[{\"@type\":\"ListItem\",\"position\":1,\"name\":\"Home\",\"item\":\"https:\\\/\\\/theatre-petit-louvre.fr\\\/avignon\\\/\"},{\"@type\":\"ListItem\",\"position\":2,\"name\":\"Spectacles 2017\",\"item\":\"https:\\\/\\\/theatre-petit-louvre.fr\\\/avignon\\\/spectacles-2017\\\/\"},{\"@type\":\"ListItem\",\"position\":3,\"name\":\"RENDEZ-VOUS EXCEPTIONNELS\"}]},{\"@type\":\"WebSite\",\"@id\":\"https:\\\/\\\/theatre-petit-louvre.fr\\\/avignon\\\/#website\",\"url\":\"https:\\\/\\\/theatre-petit-louvre.fr\\\/avignon\\\/\",\"name\":\"Le Petit Louvre\",\"description\":\"un th\u00e9\u00e2tre au c\u0153ur d&#039;Avignon | Festival off\",\"publisher\":{\"@id\":\"https:\\\/\\\/theatre-petit-louvre.fr\\\/avignon\\\/#organization\"},\"potentialAction\":[{\"@type\":\"SearchAction\",\"target\":{\"@type\":\"EntryPoint\",\"urlTemplate\":\"https:\\\/\\\/theatre-petit-louvre.fr\\\/avignon\\\/?s={search_term_string}\"},\"query-input\":{\"@type\":\"PropertyValueSpecification\",\"valueRequired\":true,\"valueName\":\"search_term_string\"}}],\"inLanguage\":\"fr-FR\"},{\"@type\":\"Organization\",\"@id\":\"https:\\\/\\\/theatre-petit-louvre.fr\\\/avignon\\\/#organization\",\"name\":\"Th\u00e9\u00e2tre Le Petit Louvre\",\"url\":\"https:\\\/\\\/theatre-petit-louvre.fr\\\/avignon\\\/\",\"logo\":{\"@type\":\"ImageObject\",\"inLanguage\":\"fr-FR\",\"@id\":\"https:\\\/\\\/theatre-petit-louvre.fr\\\/avignon\\\/#\\\/schema\\\/logo\\\/image\\\/\",\"url\":\"https:\\\/\\\/theatre-petit-louvre.fr\\\/avignon\\\/wp-content\\\/uploads\\\/2022\\\/05\\\/logo_petit-louvre_2008_RVB.png\",\"contentUrl\":\"https:\\\/\\\/theatre-petit-louvre.fr\\\/avignon\\\/wp-content\\\/uploads\\\/2022\\\/05\\\/logo_petit-louvre_2008_RVB.png\",\"width\":374,\"height\":800,\"caption\":\"Th\u00e9\u00e2tre Le Petit Louvre\"},\"image\":{\"@id\":\"https:\\\/\\\/theatre-petit-louvre.fr\\\/avignon\\\/#\\\/schema\\\/logo\\\/image\\\/\"}}]}<\/script>\n<!-- \/ Yoast SEO plugin. -->","yoast_head_json":{"title":"RENDEZ-VOUS EXCEPTIONNELS - Le Petit Louvre","description":"Chaque \u00e9t\u00e9, un th\u00e9\u00e2tre au c\u0153ur d'Avignon, Festival off : des textes, des auteurs, des autrices, des acteurs, des actrices. Deux salles climatis\u00e9es, 15 spectacles, un bar-restaurant.","robots":{"index":"index","follow":"follow","max-snippet":"max-snippet:-1","max-image-preview":"max-image-preview:large","max-video-preview":"max-video-preview:-1"},"canonical":"https:\/\/theatre-petit-louvre.fr\/avignon\/spectacles-2017\/rendez-vous-exceptionnels\/","og_locale":"fr_FR","og_type":"article","og_title":"RENDEZ-VOUS EXCEPTIONNELS - Le Petit Louvre","og_description":"Chaque \u00e9t\u00e9, un th\u00e9\u00e2tre au c\u0153ur d'Avignon, Festival off : des textes, des auteurs, des autrices, des acteurs, des actrices. Deux salles climatis\u00e9es, 15 spectacles, un bar-restaurant.","og_url":"https:\/\/theatre-petit-louvre.fr\/avignon\/spectacles-2017\/rendez-vous-exceptionnels\/","og_site_name":"Le Petit Louvre","article_modified_time":"2017-06-23T22:59:52+00:00","og_image":[{"url":"http:\/\/theatre-petit-louvre.fr\/avignon\/wp-content\/uploads\/2017\/06\/Fabrice-Roger-Lacan.jpg","type":"","width":"","height":""}],"twitter_misc":{"Dur\u00e9e de lecture estim\u00e9e":"3 minutes"},"schema":{"@context":"https:\/\/schema.org","@graph":[{"@type":"WebPage","@id":"https:\/\/theatre-petit-louvre.fr\/avignon\/spectacles-2017\/rendez-vous-exceptionnels\/","url":"https:\/\/theatre-petit-louvre.fr\/avignon\/spectacles-2017\/rendez-vous-exceptionnels\/","name":"RENDEZ-VOUS EXCEPTIONNELS - Le Petit Louvre","isPartOf":{"@id":"https:\/\/theatre-petit-louvre.fr\/avignon\/#website"},"primaryImageOfPage":{"@id":"https:\/\/theatre-petit-louvre.fr\/avignon\/spectacles-2017\/rendez-vous-exceptionnels\/#primaryimage"},"image":{"@id":"https:\/\/theatre-petit-louvre.fr\/avignon\/spectacles-2017\/rendez-vous-exceptionnels\/#primaryimage"},"thumbnailUrl":"http:\/\/theatre-petit-louvre.fr\/avignon\/wp-content\/uploads\/2017\/06\/Fabrice-Roger-Lacan.jpg","datePublished":"2017-06-10T14:16:46+00:00","dateModified":"2017-06-23T22:59:52+00:00","description":"Chaque \u00e9t\u00e9, un th\u00e9\u00e2tre au c\u0153ur d'Avignon, Festival off : des textes, des auteurs, des autrices, des acteurs, des actrices. Deux salles climatis\u00e9es, 15 spectacles, un bar-restaurant.","breadcrumb":{"@id":"https:\/\/theatre-petit-louvre.fr\/avignon\/spectacles-2017\/rendez-vous-exceptionnels\/#breadcrumb"},"inLanguage":"fr-FR","potentialAction":[{"@type":"ReadAction","target":["https:\/\/theatre-petit-louvre.fr\/avignon\/spectacles-2017\/rendez-vous-exceptionnels\/"]}]},{"@type":"ImageObject","inLanguage":"fr-FR","@id":"https:\/\/theatre-petit-louvre.fr\/avignon\/spectacles-2017\/rendez-vous-exceptionnels\/#primaryimage","url":"https:\/\/theatre-petit-louvre.fr\/avignon\/wp-content\/uploads\/2017\/06\/Fabrice-Roger-Lacan.jpg","contentUrl":"https:\/\/theatre-petit-louvre.fr\/avignon\/wp-content\/uploads\/2017\/06\/Fabrice-Roger-Lacan.jpg","width":180,"height":240},{"@type":"BreadcrumbList","@id":"https:\/\/theatre-petit-louvre.fr\/avignon\/spectacles-2017\/rendez-vous-exceptionnels\/#breadcrumb","itemListElement":[{"@type":"ListItem","position":1,"name":"Home","item":"https:\/\/theatre-petit-louvre.fr\/avignon\/"},{"@type":"ListItem","position":2,"name":"Spectacles 2017","item":"https:\/\/theatre-petit-louvre.fr\/avignon\/spectacles-2017\/"},{"@type":"ListItem","position":3,"name":"RENDEZ-VOUS EXCEPTIONNELS"}]},{"@type":"WebSite","@id":"https:\/\/theatre-petit-louvre.fr\/avignon\/#website","url":"https:\/\/theatre-petit-louvre.fr\/avignon\/","name":"Le Petit Louvre","description":"un th\u00e9\u00e2tre au c\u0153ur d&#039;Avignon | Festival off","publisher":{"@id":"https:\/\/theatre-petit-louvre.fr\/avignon\/#organization"},"potentialAction":[{"@type":"SearchAction","target":{"@type":"EntryPoint","urlTemplate":"https:\/\/theatre-petit-louvre.fr\/avignon\/?s={search_term_string}"},"query-input":{"@type":"PropertyValueSpecification","valueRequired":true,"valueName":"search_term_string"}}],"inLanguage":"fr-FR"},{"@type":"Organization","@id":"https:\/\/theatre-petit-louvre.fr\/avignon\/#organization","name":"Th\u00e9\u00e2tre Le Petit Louvre","url":"https:\/\/theatre-petit-louvre.fr\/avignon\/","logo":{"@type":"ImageObject","inLanguage":"fr-FR","@id":"https:\/\/theatre-petit-louvre.fr\/avignon\/#\/schema\/logo\/image\/","url":"https:\/\/theatre-petit-louvre.fr\/avignon\/wp-content\/uploads\/2022\/05\/logo_petit-louvre_2008_RVB.png","contentUrl":"https:\/\/theatre-petit-louvre.fr\/avignon\/wp-content\/uploads\/2022\/05\/logo_petit-louvre_2008_RVB.png","width":374,"height":800,"caption":"Th\u00e9\u00e2tre Le Petit Louvre"},"image":{"@id":"https:\/\/theatre-petit-louvre.fr\/avignon\/#\/schema\/logo\/image\/"}}]}},"uagb_featured_image_src":{"full":false,"thumbnail":false,"medium":false,"medium_large":false,"large":false,"1536x1536":false,"2048x2048":false},"uagb_author_info":{"display_name":"cyber","author_link":"https:\/\/theatre-petit-louvre.fr\/avignon\/author\/cyber\/"},"uagb_comment_info":0,"uagb_excerpt":"Les compagnies en rel\u00e2che invitent des artistes et vous proposent de d\u00e9couvrir leur travail en cours, leurs projets \u00e0 venir 11 juillet Chapelle des Templiers- lecture \u00e0 19h35 \u00a0 \u00a0 \u00a0 \u00a0 \u00a0 \u00a0 \u00a0 \u00a0 \u00a0 \u00a0 \u00a0 \u00a0 \u00a0 \u00a0 \u00a0 \u00a0 \u00a0 \u00a0 \u00a0 \u00a0 \u00a0 \u00a0 \u00a0 MAINTENANT FOUTEZ-MOI LA PAIX\u2026","_links":{"self":[{"href":"https:\/\/theatre-petit-louvre.fr\/avignon\/wp-json\/wp\/v2\/pages\/1952","targetHints":{"allow":["GET"]}}],"collection":[{"href":"https:\/\/theatre-petit-louvre.fr\/avignon\/wp-json\/wp\/v2\/pages"}],"about":[{"href":"https:\/\/theatre-petit-louvre.fr\/avignon\/wp-json\/wp\/v2\/types\/page"}],"author":[{"embeddable":true,"href":"https:\/\/theatre-petit-louvre.fr\/avignon\/wp-json\/wp\/v2\/users\/1"}],"replies":[{"embeddable":true,"href":"https:\/\/theatre-petit-louvre.fr\/avignon\/wp-json\/wp\/v2\/comments?post=1952"}],"version-history":[{"count":12,"href":"https:\/\/theatre-petit-louvre.fr\/avignon\/wp-json\/wp\/v2\/pages\/1952\/revisions"}],"predecessor-version":[{"id":2057,"href":"https:\/\/theatre-petit-louvre.fr\/avignon\/wp-json\/wp\/v2\/pages\/1952\/revisions\/2057"}],"up":[{"embeddable":true,"href":"https:\/\/theatre-petit-louvre.fr\/avignon\/wp-json\/wp\/v2\/pages\/13"}],"wp:attachment":[{"href":"https:\/\/theatre-petit-louvre.fr\/avignon\/wp-json\/wp\/v2\/media?parent=1952"}],"wp:term":[{"taxonomy":"category","embeddable":true,"href":"https:\/\/theatre-petit-louvre.fr\/avignon\/wp-json\/wp\/v2\/categories?post=1952"},{"taxonomy":"post_tag","embeddable":true,"href":"https:\/\/theatre-petit-louvre.fr\/avignon\/wp-json\/wp\/v2\/tags?post=1952"}],"curies":[{"name":"wp","href":"https:\/\/api.w.org\/{rel}","templated":true}]}}