{"id":29,"date":"2013-05-17T20:37:51","date_gmt":"2013-05-17T19:37:51","guid":{"rendered":"http:\/\/theatrelepetitlouvre.com\/avignon\/?page_id=29"},"modified":"2014-02-12T16:37:37","modified_gmt":"2014-02-12T15:37:37","slug":"cosi-fan-tutte","status":"publish","type":"page","link":"https:\/\/theatre-petit-louvre.fr\/avignon\/archives\/2013-2\/cosi-fan-tutte\/","title":{"rendered":"Cosi Fan Tutte"},"content":{"rendered":"<p><strong>\u00a0Faux-semblants et mentir vrai, une com\u00e9die lyrique<\/strong><\/p>\n<p>De\u00a0<strong>Mozart<\/strong><br \/>\nAdaptation, mise en sc\u00e8ne\u00a0et sc\u00e9nographie\u00a0<strong>Henri de Vasselot<\/strong><\/p>\n<p><a href=\"http:\/\/theatrelepetitlouvre.com\/avignon\/wp-content\/uploads\/2013\/05\/cosi-fan-tutte.jpg\" rel=\"lightbox[29]\"><img loading=\"lazy\" decoding=\"async\" class=\"size-full wp-image-40\" alt=\"Cosi Fan Tutte \/ Mozart \/ Henri de Vasselot\" src=\"http:\/\/theatrelepetitlouvre.com\/avignon\/wp-content\/uploads\/2013\/05\/cosi-fan-tutte.jpg\" width=\"509\" height=\"269\" srcset=\"https:\/\/theatre-petit-louvre.fr\/avignon\/wp-content\/uploads\/2013\/05\/cosi-fan-tutte.jpg 509w, https:\/\/theatre-petit-louvre.fr\/avignon\/wp-content\/uploads\/2013\/05\/cosi-fan-tutte-300x158.jpg 300w\" sizes=\"auto, (max-width: 509px) 100vw, 509px\" \/><\/a><\/p>\n<p><strong><em>Com\u00e9die douce-am\u00e8re,\u00a0farce rocambolesque\u00a0autant que philosophique,\u00a0cet op\u00e9ra subtil, l\u00e9ger\u00a0et grave, r\u00e9v\u00e8le un Mozart\u00a0au plus haut de son art.<\/em><\/strong><\/p>\n<p>Deux fr\u00e8res, s\u00fbrs de\u00a0l\u2019attachement de leurs\u00a0fianc\u00e9es, font un pari avec\u00a0un vieil ami c\u00e9libataire qui\u00a0<span style=\"line-height: 1.714285714; font-size: 1rem;\">doute de la fid\u00e9lit\u00e9 f\u00e9minine.\u00a0D\u00e9guis\u00e9, chacun courtise la\u00a0fianc\u00e9e de l\u2019autre&#8230; Apr\u00e8s\u00a0bien des h\u00e9sitations les\u00a0jeunes filles se laisseront\u00a0s\u00e9duire et les amants perdront\u00a0leur pari\u2026<\/span><br \/>\nD\u2019apr\u00e8s la l\u00e9gende et apr\u00e8s le\u00a0succ\u00e8s des Noces de Figaro,\u00a0l\u2019empereur Joseph II aurait\u00a0command\u00e9 \u00e0 Mozart un\u00a0op\u00e9ra dont il aurait lui-m\u00eame\u00a0choisi le sujet, s\u2019inspirant\u00a0d\u2019un fait divers qui venait de\u00a0d\u00e9frayer la chronique de la\u00a0Cour. Lorenzo da Ponte eut\u00a0\u00e0 nouveau la charge du livret.<br \/>\nL\u2019\u00e9criture fut longtemps\u00a0jug\u00e9e superficielle, mais\u00a0l\u2019intrigue \u00e0 la mani\u00e8re de\u00a0Marivaux, la trame superbement\u00a0th\u00e9\u00e2trale inspir\u00e8rent \u00e0\u00a0Mozart parmi les plus beaux\u00a0ensembles vocaux de l\u2019histoire\u00a0de l\u2019op\u00e9ra.<\/p>\n<p>L\u2019apparente\u00a0l\u00e9g\u00e8ret\u00e9 y laisse\u00a0peu \u00e0 peu place \u00e0 la gravit\u00e9,\u00a0et l\u2019insouciance des personnages\u00a0se dissipe au fil des\u00a0sc\u00e8nes. Comme chez Marivaux,\u00a0on retrouve les th\u00e8mes\u00a0du travestissement, de la\u00a0farce, de l\u2019inconstance et de\u00a0la manipulation. Et pour finir\u00a0ce qui pouvait passer pour\u00a0une badinerie se r\u00e9v\u00e8le \u00eatre\u00a0une vision d\u00e9senchant\u00e9e de\u00a0l\u2019amour, le reflet de la fragilit\u00e9\u00a0humaine, une com\u00e9die\u00a0brillante d\u2019une ironie extr\u00eame\u00a0sur une innocence d\u00e9finitivement\u00a0perdue.<br \/>\nAvec la troupe de L\u2019Envol\u00e9e\u00a0lyrique, chant, danse,\u00a0masques, combats et instruments\u00a0se m\u00e9langent. Les\u00a0airs sont chant\u00e9s en italien,\u00a0les r\u00e9citatifs en fran\u00e7ais\u00a0inspir\u00e9s de Marivaux et la\u00a0musique interpr\u00e9t\u00e9e par\u00a0une r\u00e9duction d\u2019orchestre,\u00a0piano, violon, violoncelle et\u00a0fl\u00fbte. Les sept chanteurs\u00a0et\/ou instrumentistes\u00a0s\u2019en\u00a0donnent \u00e0 coeur joie pour le\u00a0plus grand plaisir de chacun,\u00a0dans une irr\u00e9sistible jubilation\u00a0\u00e0 interpr\u00e9ter une oeuvre\u00a0si enchanteresse.<\/p>\n","protected":false},"excerpt":{"rendered":"<p>\u00a0Faux-semblants et mentir vrai, une com\u00e9die lyrique De\u00a0Mozart Adaptation, mise en sc\u00e8ne\u00a0et sc\u00e9nographie\u00a0Henri de Vasselot Com\u00e9die douce-am\u00e8re,\u00a0farce rocambolesque\u00a0autant que philosophique,\u00a0cet op\u00e9ra subtil, l\u00e9ger\u00a0et grave, r\u00e9v\u00e8le un Mozart\u00a0au plus haut de son art. Deux fr\u00e8res, s\u00fbrs de\u00a0l\u2019attachement de leurs\u00a0fianc\u00e9es, font un pari avec\u00a0un vieil ami c\u00e9libataire qui\u00a0doute de la fid\u00e9lit\u00e9 f\u00e9minine.\u00a0D\u00e9guis\u00e9, chacun courtise la\u00a0fianc\u00e9e de l\u2019autre&#8230; [&hellip;]<\/p>\n","protected":false},"author":1,"featured_media":0,"parent":548,"menu_order":3,"comment_status":"open","ping_status":"closed","template":"","meta":{"_uag_custom_page_level_css":"","site-sidebar-layout":"default","site-content-layout":"","ast-site-content-layout":"default","site-content-style":"default","site-sidebar-style":"default","ast-global-header-display":"","ast-banner-title-visibility":"","ast-main-header-display":"","ast-hfb-above-header-display":"","ast-hfb-below-header-display":"","ast-hfb-mobile-header-display":"","site-post-title":"","ast-breadcrumbs-content":"","ast-featured-img":"","footer-sml-layout":"","ast-disable-related-posts":"","theme-transparent-header-meta":"","adv-header-id-meta":"","stick-header-meta":"","header-above-stick-meta":"","header-main-stick-meta":"","header-below-stick-meta":"","astra-migrate-meta-layouts":"default","ast-page-background-enabled":"default","ast-page-background-meta":{"desktop":{"background-color":"var(--ast-global-color-4)","background-image":"","background-repeat":"repeat","background-position":"center center","background-size":"auto","background-attachment":"scroll","background-type":"","background-media":"","overlay-type":"","overlay-color":"","overlay-opacity":"","overlay-gradient":""},"tablet":{"background-color":"","background-image":"","background-repeat":"repeat","background-position":"center center","background-size":"auto","background-attachment":"scroll","background-type":"","background-media":"","overlay-type":"","overlay-color":"","overlay-opacity":"","overlay-gradient":""},"mobile":{"background-color":"","background-image":"","background-repeat":"repeat","background-position":"center center","background-size":"auto","background-attachment":"scroll","background-type":"","background-media":"","overlay-type":"","overlay-color":"","overlay-opacity":"","overlay-gradient":""}},"ast-content-background-meta":{"desktop":{"background-color":"var(--ast-global-color-5)","background-image":"","background-repeat":"repeat","background-position":"center center","background-size":"auto","background-attachment":"scroll","background-type":"","background-media":"","overlay-type":"","overlay-color":"","overlay-opacity":"","overlay-gradient":""},"tablet":{"background-color":"var(--ast-global-color-5)","background-image":"","background-repeat":"repeat","background-position":"center center","background-size":"auto","background-attachment":"scroll","background-type":"","background-media":"","overlay-type":"","overlay-color":"","overlay-opacity":"","overlay-gradient":""},"mobile":{"background-color":"var(--ast-global-color-5)","background-image":"","background-repeat":"repeat","background-position":"center center","background-size":"auto","background-attachment":"scroll","background-type":"","background-media":"","overlay-type":"","overlay-color":"","overlay-opacity":"","overlay-gradient":""}},"footnotes":"","_links_to":"","_links_to_target":""},"categories":[],"tags":[],"class_list":["post-29","page","type-page","status-publish","hentry"],"yoast_head":"<!-- This site is optimized with the Yoast SEO plugin v27.5 - https:\/\/yoast.com\/product\/yoast-seo-wordpress\/ -->\n<title>Cosi Fan Tutte - Le Petit Louvre<\/title>\n<meta name=\"description\" content=\"Chaque \u00e9t\u00e9, un th\u00e9\u00e2tre au c\u0153ur d&#039;Avignon, Festival off : des textes, des auteurs, des autrices, des acteurs, des actrices. Deux salles climatis\u00e9es, 15 spectacles, un bar-restaurant.\" \/>\n<meta name=\"robots\" content=\"index, follow, max-snippet:-1, max-image-preview:large, max-video-preview:-1\" \/>\n<link rel=\"canonical\" href=\"https:\/\/theatre-petit-louvre.fr\/avignon\/archives\/2013-2\/cosi-fan-tutte\/\" \/>\n<meta property=\"og:locale\" content=\"fr_FR\" \/>\n<meta property=\"og:type\" content=\"article\" \/>\n<meta property=\"og:title\" content=\"Cosi Fan Tutte - Le Petit Louvre\" \/>\n<meta property=\"og:description\" content=\"Chaque \u00e9t\u00e9, un th\u00e9\u00e2tre au c\u0153ur d&#039;Avignon, Festival off : des textes, des auteurs, des autrices, des acteurs, des actrices. Deux salles climatis\u00e9es, 15 spectacles, un bar-restaurant.\" \/>\n<meta property=\"og:url\" content=\"https:\/\/theatre-petit-louvre.fr\/avignon\/archives\/2013-2\/cosi-fan-tutte\/\" \/>\n<meta property=\"og:site_name\" content=\"Le Petit Louvre\" \/>\n<meta property=\"article:modified_time\" content=\"2014-02-12T15:37:37+00:00\" \/>\n<meta property=\"og:image\" content=\"http:\/\/theatrelepetitlouvre.com\/avignon\/wp-content\/uploads\/2013\/05\/cosi-fan-tutte.jpg\" \/>\n<meta name=\"twitter:label1\" content=\"Dur\u00e9e de lecture estim\u00e9e\" \/>\n\t<meta name=\"twitter:data1\" content=\"2 minutes\" \/>\n<script type=\"application\/ld+json\" class=\"yoast-schema-graph\">{\"@context\":\"https:\\\/\\\/schema.org\",\"@graph\":[{\"@type\":\"WebPage\",\"@id\":\"https:\\\/\\\/theatre-petit-louvre.fr\\\/avignon\\\/archives\\\/2013-2\\\/cosi-fan-tutte\\\/\",\"url\":\"https:\\\/\\\/theatre-petit-louvre.fr\\\/avignon\\\/archives\\\/2013-2\\\/cosi-fan-tutte\\\/\",\"name\":\"Cosi Fan Tutte - Le Petit Louvre\",\"isPartOf\":{\"@id\":\"https:\\\/\\\/theatre-petit-louvre.fr\\\/avignon\\\/#website\"},\"primaryImageOfPage\":{\"@id\":\"https:\\\/\\\/theatre-petit-louvre.fr\\\/avignon\\\/archives\\\/2013-2\\\/cosi-fan-tutte\\\/#primaryimage\"},\"image\":{\"@id\":\"https:\\\/\\\/theatre-petit-louvre.fr\\\/avignon\\\/archives\\\/2013-2\\\/cosi-fan-tutte\\\/#primaryimage\"},\"thumbnailUrl\":\"http:\\\/\\\/theatrelepetitlouvre.com\\\/avignon\\\/wp-content\\\/uploads\\\/2013\\\/05\\\/cosi-fan-tutte.jpg\",\"datePublished\":\"2013-05-17T19:37:51+00:00\",\"dateModified\":\"2014-02-12T15:37:37+00:00\",\"description\":\"Chaque \u00e9t\u00e9, un th\u00e9\u00e2tre au c\u0153ur d'Avignon, Festival off : des textes, des auteurs, des autrices, des acteurs, des actrices. Deux salles climatis\u00e9es, 15 spectacles, un bar-restaurant.\",\"breadcrumb\":{\"@id\":\"https:\\\/\\\/theatre-petit-louvre.fr\\\/avignon\\\/archives\\\/2013-2\\\/cosi-fan-tutte\\\/#breadcrumb\"},\"inLanguage\":\"fr-FR\",\"potentialAction\":[{\"@type\":\"ReadAction\",\"target\":[\"https:\\\/\\\/theatre-petit-louvre.fr\\\/avignon\\\/archives\\\/2013-2\\\/cosi-fan-tutte\\\/\"]}]},{\"@type\":\"ImageObject\",\"inLanguage\":\"fr-FR\",\"@id\":\"https:\\\/\\\/theatre-petit-louvre.fr\\\/avignon\\\/archives\\\/2013-2\\\/cosi-fan-tutte\\\/#primaryimage\",\"url\":\"http:\\\/\\\/theatrelepetitlouvre.com\\\/avignon\\\/wp-content\\\/uploads\\\/2013\\\/05\\\/cosi-fan-tutte.jpg\",\"contentUrl\":\"http:\\\/\\\/theatrelepetitlouvre.com\\\/avignon\\\/wp-content\\\/uploads\\\/2013\\\/05\\\/cosi-fan-tutte.jpg\"},{\"@type\":\"BreadcrumbList\",\"@id\":\"https:\\\/\\\/theatre-petit-louvre.fr\\\/avignon\\\/archives\\\/2013-2\\\/cosi-fan-tutte\\\/#breadcrumb\",\"itemListElement\":[{\"@type\":\"ListItem\",\"position\":1,\"name\":\"Home\",\"item\":\"https:\\\/\\\/theatre-petit-louvre.fr\\\/avignon\\\/\"},{\"@type\":\"ListItem\",\"position\":2,\"name\":\"Archives\",\"item\":\"https:\\\/\\\/theatre-petit-louvre.fr\\\/avignon\\\/archives\\\/\"},{\"@type\":\"ListItem\",\"position\":3,\"name\":\"2013\",\"item\":\"https:\\\/\\\/theatre-petit-louvre.fr\\\/avignon\\\/archives\\\/2013-2\\\/\"},{\"@type\":\"ListItem\",\"position\":4,\"name\":\"Cosi Fan Tutte\"}]},{\"@type\":\"WebSite\",\"@id\":\"https:\\\/\\\/theatre-petit-louvre.fr\\\/avignon\\\/#website\",\"url\":\"https:\\\/\\\/theatre-petit-louvre.fr\\\/avignon\\\/\",\"name\":\"Le Petit Louvre\",\"description\":\"un th\u00e9\u00e2tre au c\u0153ur d&#039;Avignon | Festival off\",\"publisher\":{\"@id\":\"https:\\\/\\\/theatre-petit-louvre.fr\\\/avignon\\\/#organization\"},\"potentialAction\":[{\"@type\":\"SearchAction\",\"target\":{\"@type\":\"EntryPoint\",\"urlTemplate\":\"https:\\\/\\\/theatre-petit-louvre.fr\\\/avignon\\\/?s={search_term_string}\"},\"query-input\":{\"@type\":\"PropertyValueSpecification\",\"valueRequired\":true,\"valueName\":\"search_term_string\"}}],\"inLanguage\":\"fr-FR\"},{\"@type\":\"Organization\",\"@id\":\"https:\\\/\\\/theatre-petit-louvre.fr\\\/avignon\\\/#organization\",\"name\":\"Th\u00e9\u00e2tre Le Petit Louvre\",\"url\":\"https:\\\/\\\/theatre-petit-louvre.fr\\\/avignon\\\/\",\"logo\":{\"@type\":\"ImageObject\",\"inLanguage\":\"fr-FR\",\"@id\":\"https:\\\/\\\/theatre-petit-louvre.fr\\\/avignon\\\/#\\\/schema\\\/logo\\\/image\\\/\",\"url\":\"https:\\\/\\\/theatre-petit-louvre.fr\\\/avignon\\\/wp-content\\\/uploads\\\/2022\\\/05\\\/logo_petit-louvre_2008_RVB.png\",\"contentUrl\":\"https:\\\/\\\/theatre-petit-louvre.fr\\\/avignon\\\/wp-content\\\/uploads\\\/2022\\\/05\\\/logo_petit-louvre_2008_RVB.png\",\"width\":374,\"height\":800,\"caption\":\"Th\u00e9\u00e2tre Le Petit Louvre\"},\"image\":{\"@id\":\"https:\\\/\\\/theatre-petit-louvre.fr\\\/avignon\\\/#\\\/schema\\\/logo\\\/image\\\/\"}}]}<\/script>\n<!-- \/ Yoast SEO plugin. -->","yoast_head_json":{"title":"Cosi Fan Tutte - Le Petit Louvre","description":"Chaque \u00e9t\u00e9, un th\u00e9\u00e2tre au c\u0153ur d'Avignon, Festival off : des textes, des auteurs, des autrices, des acteurs, des actrices. Deux salles climatis\u00e9es, 15 spectacles, un bar-restaurant.","robots":{"index":"index","follow":"follow","max-snippet":"max-snippet:-1","max-image-preview":"max-image-preview:large","max-video-preview":"max-video-preview:-1"},"canonical":"https:\/\/theatre-petit-louvre.fr\/avignon\/archives\/2013-2\/cosi-fan-tutte\/","og_locale":"fr_FR","og_type":"article","og_title":"Cosi Fan Tutte - Le Petit Louvre","og_description":"Chaque \u00e9t\u00e9, un th\u00e9\u00e2tre au c\u0153ur d'Avignon, Festival off : des textes, des auteurs, des autrices, des acteurs, des actrices. Deux salles climatis\u00e9es, 15 spectacles, un bar-restaurant.","og_url":"https:\/\/theatre-petit-louvre.fr\/avignon\/archives\/2013-2\/cosi-fan-tutte\/","og_site_name":"Le Petit Louvre","article_modified_time":"2014-02-12T15:37:37+00:00","og_image":[{"url":"http:\/\/theatrelepetitlouvre.com\/avignon\/wp-content\/uploads\/2013\/05\/cosi-fan-tutte.jpg","type":"","width":"","height":""}],"twitter_misc":{"Dur\u00e9e de lecture estim\u00e9e":"2 minutes"},"schema":{"@context":"https:\/\/schema.org","@graph":[{"@type":"WebPage","@id":"https:\/\/theatre-petit-louvre.fr\/avignon\/archives\/2013-2\/cosi-fan-tutte\/","url":"https:\/\/theatre-petit-louvre.fr\/avignon\/archives\/2013-2\/cosi-fan-tutte\/","name":"Cosi Fan Tutte - Le Petit Louvre","isPartOf":{"@id":"https:\/\/theatre-petit-louvre.fr\/avignon\/#website"},"primaryImageOfPage":{"@id":"https:\/\/theatre-petit-louvre.fr\/avignon\/archives\/2013-2\/cosi-fan-tutte\/#primaryimage"},"image":{"@id":"https:\/\/theatre-petit-louvre.fr\/avignon\/archives\/2013-2\/cosi-fan-tutte\/#primaryimage"},"thumbnailUrl":"http:\/\/theatrelepetitlouvre.com\/avignon\/wp-content\/uploads\/2013\/05\/cosi-fan-tutte.jpg","datePublished":"2013-05-17T19:37:51+00:00","dateModified":"2014-02-12T15:37:37+00:00","description":"Chaque \u00e9t\u00e9, un th\u00e9\u00e2tre au c\u0153ur d'Avignon, Festival off : des textes, des auteurs, des autrices, des acteurs, des actrices. Deux salles climatis\u00e9es, 15 spectacles, un bar-restaurant.","breadcrumb":{"@id":"https:\/\/theatre-petit-louvre.fr\/avignon\/archives\/2013-2\/cosi-fan-tutte\/#breadcrumb"},"inLanguage":"fr-FR","potentialAction":[{"@type":"ReadAction","target":["https:\/\/theatre-petit-louvre.fr\/avignon\/archives\/2013-2\/cosi-fan-tutte\/"]}]},{"@type":"ImageObject","inLanguage":"fr-FR","@id":"https:\/\/theatre-petit-louvre.fr\/avignon\/archives\/2013-2\/cosi-fan-tutte\/#primaryimage","url":"http:\/\/theatrelepetitlouvre.com\/avignon\/wp-content\/uploads\/2013\/05\/cosi-fan-tutte.jpg","contentUrl":"http:\/\/theatrelepetitlouvre.com\/avignon\/wp-content\/uploads\/2013\/05\/cosi-fan-tutte.jpg"},{"@type":"BreadcrumbList","@id":"https:\/\/theatre-petit-louvre.fr\/avignon\/archives\/2013-2\/cosi-fan-tutte\/#breadcrumb","itemListElement":[{"@type":"ListItem","position":1,"name":"Home","item":"https:\/\/theatre-petit-louvre.fr\/avignon\/"},{"@type":"ListItem","position":2,"name":"Archives","item":"https:\/\/theatre-petit-louvre.fr\/avignon\/archives\/"},{"@type":"ListItem","position":3,"name":"2013","item":"https:\/\/theatre-petit-louvre.fr\/avignon\/archives\/2013-2\/"},{"@type":"ListItem","position":4,"name":"Cosi Fan Tutte"}]},{"@type":"WebSite","@id":"https:\/\/theatre-petit-louvre.fr\/avignon\/#website","url":"https:\/\/theatre-petit-louvre.fr\/avignon\/","name":"Le Petit Louvre","description":"un th\u00e9\u00e2tre au c\u0153ur d&#039;Avignon | Festival off","publisher":{"@id":"https:\/\/theatre-petit-louvre.fr\/avignon\/#organization"},"potentialAction":[{"@type":"SearchAction","target":{"@type":"EntryPoint","urlTemplate":"https:\/\/theatre-petit-louvre.fr\/avignon\/?s={search_term_string}"},"query-input":{"@type":"PropertyValueSpecification","valueRequired":true,"valueName":"search_term_string"}}],"inLanguage":"fr-FR"},{"@type":"Organization","@id":"https:\/\/theatre-petit-louvre.fr\/avignon\/#organization","name":"Th\u00e9\u00e2tre Le Petit Louvre","url":"https:\/\/theatre-petit-louvre.fr\/avignon\/","logo":{"@type":"ImageObject","inLanguage":"fr-FR","@id":"https:\/\/theatre-petit-louvre.fr\/avignon\/#\/schema\/logo\/image\/","url":"https:\/\/theatre-petit-louvre.fr\/avignon\/wp-content\/uploads\/2022\/05\/logo_petit-louvre_2008_RVB.png","contentUrl":"https:\/\/theatre-petit-louvre.fr\/avignon\/wp-content\/uploads\/2022\/05\/logo_petit-louvre_2008_RVB.png","width":374,"height":800,"caption":"Th\u00e9\u00e2tre Le Petit Louvre"},"image":{"@id":"https:\/\/theatre-petit-louvre.fr\/avignon\/#\/schema\/logo\/image\/"}}]}},"uagb_featured_image_src":{"full":false,"thumbnail":false,"medium":false,"medium_large":false,"large":false,"1536x1536":false,"2048x2048":false},"uagb_author_info":{"display_name":"cyber","author_link":"https:\/\/theatre-petit-louvre.fr\/avignon\/author\/cyber\/"},"uagb_comment_info":0,"uagb_excerpt":"\u00a0Faux-semblants et mentir vrai, une com\u00e9die lyrique De\u00a0Mozart Adaptation, mise en sc\u00e8ne\u00a0et sc\u00e9nographie\u00a0Henri de Vasselot Com\u00e9die douce-am\u00e8re,\u00a0farce rocambolesque\u00a0autant que philosophique,\u00a0cet op\u00e9ra subtil, l\u00e9ger\u00a0et grave, r\u00e9v\u00e8le un Mozart\u00a0au plus haut de son art. Deux fr\u00e8res, s\u00fbrs de\u00a0l\u2019attachement de leurs\u00a0fianc\u00e9es, font un pari avec\u00a0un vieil ami c\u00e9libataire qui\u00a0doute de la fid\u00e9lit\u00e9 f\u00e9minine.\u00a0D\u00e9guis\u00e9, chacun courtise la\u00a0fianc\u00e9e de l\u2019autre&#8230;\u2026","_links":{"self":[{"href":"https:\/\/theatre-petit-louvre.fr\/avignon\/wp-json\/wp\/v2\/pages\/29","targetHints":{"allow":["GET"]}}],"collection":[{"href":"https:\/\/theatre-petit-louvre.fr\/avignon\/wp-json\/wp\/v2\/pages"}],"about":[{"href":"https:\/\/theatre-petit-louvre.fr\/avignon\/wp-json\/wp\/v2\/types\/page"}],"author":[{"embeddable":true,"href":"https:\/\/theatre-petit-louvre.fr\/avignon\/wp-json\/wp\/v2\/users\/1"}],"replies":[{"embeddable":true,"href":"https:\/\/theatre-petit-louvre.fr\/avignon\/wp-json\/wp\/v2\/comments?post=29"}],"version-history":[{"count":21,"href":"https:\/\/theatre-petit-louvre.fr\/avignon\/wp-json\/wp\/v2\/pages\/29\/revisions"}],"predecessor-version":[{"id":550,"href":"https:\/\/theatre-petit-louvre.fr\/avignon\/wp-json\/wp\/v2\/pages\/29\/revisions\/550"}],"up":[{"embeddable":true,"href":"https:\/\/theatre-petit-louvre.fr\/avignon\/wp-json\/wp\/v2\/pages\/548"}],"wp:attachment":[{"href":"https:\/\/theatre-petit-louvre.fr\/avignon\/wp-json\/wp\/v2\/media?parent=29"}],"wp:term":[{"taxonomy":"category","embeddable":true,"href":"https:\/\/theatre-petit-louvre.fr\/avignon\/wp-json\/wp\/v2\/categories?post=29"},{"taxonomy":"post_tag","embeddable":true,"href":"https:\/\/theatre-petit-louvre.fr\/avignon\/wp-json\/wp\/v2\/tags?post=29"}],"curies":[{"name":"wp","href":"https:\/\/api.w.org\/{rel}","templated":true}]}}