{"id":3390,"date":"2022-06-08T16:29:29","date_gmt":"2022-06-08T15:29:29","guid":{"rendered":"https:\/\/theatre-petit-louvre.fr\/avignon\/?page_id=3390"},"modified":"2022-06-08T16:34:01","modified_gmt":"2022-06-08T15:34:01","slug":"hommage-a-martine-spangaro","status":"publish","type":"page","link":"https:\/\/theatre-petit-louvre.fr\/avignon\/hommage-a-martine-spangaro\/","title":{"rendered":"Hommage \u00e0 Martine Spangaro"},"content":{"rendered":"\n<p><strong>La rayonnante directrice artistique du th\u00e9\u00e2tre du Petit Louvre est d\u00e9c\u00e9d\u00e9e en mai 2020. L&rsquo;annonce de l&rsquo;annulation du festival lui aura \u00f4t\u00e9 les derni\u00e8res armes pour se battre contre la maladie.<\/strong><\/p>\n\n\n\n<figure class=\"wp-block-image size-large\"><img loading=\"lazy\" decoding=\"async\" width=\"765\" height=\"510\" src=\"https:\/\/theatre-petit-louvre.fr\/avignon\/wp-content\/uploads\/2022\/06\/39-Cartoucherie-portrait-Copie-765x510.jpg\" alt=\"\" class=\"wp-image-3391\" srcset=\"https:\/\/theatre-petit-louvre.fr\/avignon\/wp-content\/uploads\/2022\/06\/39-Cartoucherie-portrait-Copie-765x510.jpg 765w, https:\/\/theatre-petit-louvre.fr\/avignon\/wp-content\/uploads\/2022\/06\/39-Cartoucherie-portrait-Copie-300x200.jpg 300w, https:\/\/theatre-petit-louvre.fr\/avignon\/wp-content\/uploads\/2022\/06\/39-Cartoucherie-portrait-Copie-150x100.jpg 150w, https:\/\/theatre-petit-louvre.fr\/avignon\/wp-content\/uploads\/2022\/06\/39-Cartoucherie-portrait-Copie-768x512.jpg 768w, https:\/\/theatre-petit-louvre.fr\/avignon\/wp-content\/uploads\/2022\/06\/39-Cartoucherie-portrait-Copie.jpg 900w\" sizes=\"auto, (max-width: 765px) 100vw, 765px\" \/><figcaption><em>Nous n&rsquo;avons pu, pour des raisons techniques, ouvrir en 2021. Nous sommes heureux de lui rendre enfin hommage.<\/em><\/figcaption><\/figure>\n\n\n\n<p class=\"has-small-font-size\">Apr\u00e8s avoir collabor\u00e9 activement \u00e0 la cr\u00e9ation des centres dramatiques nationaux de Limoges et de Besan\u00e7on au d\u00e9but des ann\u00e9es 70, Martine Spangaro fait exploser tout son talent au th\u00e9\u00e2tre G\u00e9rard-Philipe de Saint-Denis aupr\u00e8s de Ren\u00e9 Gonzales qu&rsquo;elle accompagnera de 1974 \u00e0 1986. Elle se r\u00e9alise avec la m\u00eame passion dans dans tous les m\u00e9tiers du spectacle vivant auquel elle consacre sa vie : que ce soit dans les relations presse, les relations publiques ou l&rsquo;administration, elle permet aux artistes qu&rsquo;elle d\u00e9couvre et encourage de se produire dans les meilleures conditions. Certains qu&rsquo;elle a aid\u00e9s \u00e0 grandir feront appel \u00e0 sa sensibilit\u00e9 et \u00e0 sa vision cr\u00e9atrice pour les assister \u00e0 la mise en sc\u00e8ne (Alfredo Arias, Laurent Pelly, Marc Paquien&#8230;) Elle r\u00eavait d&rsquo;avoir un th\u00e9\u00e2tre, on peut dire qu&rsquo;elle en a eu plusieurs : apr\u00e8s Saint-Denis et Aubervilliers, elle codirigera le centre dramatique national de Sartrouville avec Claude S\u00e9venier jusqu&rsquo;en 2006. Pendant toutes ces ann\u00e9es, tous les deux ouvriront leur porte \u00e0 des artistes associ\u00e9s comme Jo\u00ebl Jouanneau ou Ang\u00e9lique Ionatos, et \u00e0 un public de proximit\u00e9, fid\u00e9lis\u00e9 par la qualit\u00e9 de la programmation et de l&rsquo;accueil.<br>Quand Sylvie et Jean Gourdan confient les cl\u00e9s du Petit Louvre \u00e0 Claude S\u00e9venier, il appelle aussit\u00f4t Martine, son bin\u00f4me, son alter ego, pour codiriger avec lui cette belle maison qui sera sa derni\u00e8re maison. Rest\u00e9e seule apr\u00e8s le d\u00e9c\u00e8s de Claude, Martine conduira le th\u00e9\u00e2tre du Petit Louvre avec les m\u00eames qualit\u00e9s qu&rsquo;on lui conna\u00eet depuis le d\u00e9but.<\/p>\n\n\n\n<p><strong>A celle qui avait su conjuguer les exigences du th\u00e9\u00e2tre public avec les contraintes du th\u00e9\u00e2tre priv\u00e9,<br>A celle qui pla\u00e7a toute sa vie sous le signe du spectacle vivant,<br>Nous d\u00e9dions cette \u00e9dition qui fait la part belle \u00e0 la cr\u00e9ation et dont elle avait initi\u00e9 une partie de la programmation.<br>Vous y retrouverez quelques anciens compagnons du th\u00e9\u00e2tre du Petit Louvre qui montre une fois encore sa fid\u00e9lit\u00e9 aux artistes mais vous d\u00e9couvrirez aussi quelques talents nouveaux, rep\u00e9r\u00e9s pour leur exigence ou bien la force de leur propos. <br>Venez partager ces textes intenses et admirer avec nous ces artistes qui nous enchantent.<br>Soyons complices.<\/strong><\/p>\n\n\n\n<p>Retrouver les articles sur Martine Spangaro :<br><a href=\"http:\/\/lejournaldarmelleheliot.fr\/martine-spangaro-larchitecte-delicate\/\">http:\/\/lejournaldarmelleheliot.fr\/martine-spangaro-larchitecte-delicate\/<\/a> <br><a href=\"https:\/\/www.webtheatre.fr\/La-mort-de-Martine-Spangaro\">https:\/\/www.webtheatre.fr\/La-mort-de-Martine-Spangaro<\/a> <\/p>\n","protected":false},"excerpt":{"rendered":"<p>La rayonnante directrice artistique du th\u00e9\u00e2tre du Petit Louvre est d\u00e9c\u00e9d\u00e9e en mai 2020. L&rsquo;annonce de l&rsquo;annulation du festival lui aura \u00f4t\u00e9 les derni\u00e8res armes pour se battre contre la maladie. Apr\u00e8s avoir collabor\u00e9 activement \u00e0 la cr\u00e9ation des centres dramatiques nationaux de Limoges et de Besan\u00e7on au d\u00e9but des ann\u00e9es 70, Martine Spangaro fait [&hellip;]<\/p>\n","protected":false},"author":3,"featured_media":0,"parent":0,"menu_order":0,"comment_status":"closed","ping_status":"closed","template":"","meta":{"_uag_custom_page_level_css":"","site-sidebar-layout":"default","site-content-layout":"","ast-site-content-layout":"default","site-content-style":"default","site-sidebar-style":"default","ast-global-header-display":"","ast-banner-title-visibility":"","ast-main-header-display":"","ast-hfb-above-header-display":"","ast-hfb-below-header-display":"","ast-hfb-mobile-header-display":"","site-post-title":"","ast-breadcrumbs-content":"","ast-featured-img":"","footer-sml-layout":"","ast-disable-related-posts":"","theme-transparent-header-meta":"","adv-header-id-meta":"","stick-header-meta":"","header-above-stick-meta":"","header-main-stick-meta":"","header-below-stick-meta":"","astra-migrate-meta-layouts":"default","ast-page-background-enabled":"default","ast-page-background-meta":{"desktop":{"background-color":"var(--ast-global-color-4)","background-image":"","background-repeat":"repeat","background-position":"center center","background-size":"auto","background-attachment":"scroll","background-type":"","background-media":"","overlay-type":"","overlay-color":"","overlay-opacity":"","overlay-gradient":""},"tablet":{"background-color":"","background-image":"","background-repeat":"repeat","background-position":"center center","background-size":"auto","background-attachment":"scroll","background-type":"","background-media":"","overlay-type":"","overlay-color":"","overlay-opacity":"","overlay-gradient":""},"mobile":{"background-color":"","background-image":"","background-repeat":"repeat","background-position":"center center","background-size":"auto","background-attachment":"scroll","background-type":"","background-media":"","overlay-type":"","overlay-color":"","overlay-opacity":"","overlay-gradient":""}},"ast-content-background-meta":{"desktop":{"background-color":"var(--ast-global-color-5)","background-image":"","background-repeat":"repeat","background-position":"center center","background-size":"auto","background-attachment":"scroll","background-type":"","background-media":"","overlay-type":"","overlay-color":"","overlay-opacity":"","overlay-gradient":""},"tablet":{"background-color":"var(--ast-global-color-5)","background-image":"","background-repeat":"repeat","background-position":"center center","background-size":"auto","background-attachment":"scroll","background-type":"","background-media":"","overlay-type":"","overlay-color":"","overlay-opacity":"","overlay-gradient":""},"mobile":{"background-color":"var(--ast-global-color-5)","background-image":"","background-repeat":"repeat","background-position":"center center","background-size":"auto","background-attachment":"scroll","background-type":"","background-media":"","overlay-type":"","overlay-color":"","overlay-opacity":"","overlay-gradient":""}},"footnotes":"","_links_to":"","_links_to_target":""},"categories":[],"tags":[],"class_list":["post-3390","page","type-page","status-publish","hentry"],"yoast_head":"<!-- This site is optimized with the Yoast SEO plugin v27.3 - https:\/\/yoast.com\/product\/yoast-seo-wordpress\/ -->\n<title>Hommage \u00e0 Martine Spangaro - Le Petit Louvre<\/title>\n<meta name=\"description\" content=\"Chaque \u00e9t\u00e9, un th\u00e9\u00e2tre au c\u0153ur d&#039;Avignon, Festival off : des textes, des auteurs, des autrices, des acteurs, des actrices. Deux salles climatis\u00e9es, 15 spectacles, un bar-restaurant.\" \/>\n<meta name=\"robots\" content=\"index, follow, max-snippet:-1, max-image-preview:large, max-video-preview:-1\" \/>\n<link rel=\"canonical\" href=\"https:\/\/theatre-petit-louvre.fr\/avignon\/hommage-a-martine-spangaro\/\" \/>\n<meta property=\"og:locale\" content=\"fr_FR\" \/>\n<meta property=\"og:type\" content=\"article\" \/>\n<meta property=\"og:title\" content=\"Hommage \u00e0 Martine Spangaro - Le Petit Louvre\" \/>\n<meta property=\"og:description\" content=\"Chaque \u00e9t\u00e9, un th\u00e9\u00e2tre au c\u0153ur d&#039;Avignon, Festival off : des textes, des auteurs, des autrices, des acteurs, des actrices. Deux salles climatis\u00e9es, 15 spectacles, un bar-restaurant.\" \/>\n<meta property=\"og:url\" content=\"https:\/\/theatre-petit-louvre.fr\/avignon\/hommage-a-martine-spangaro\/\" \/>\n<meta property=\"og:site_name\" content=\"Le Petit Louvre\" \/>\n<meta property=\"article:modified_time\" content=\"2022-06-08T15:34:01+00:00\" \/>\n<meta property=\"og:image\" content=\"https:\/\/theatre-petit-louvre.fr\/avignon\/wp-content\/uploads\/2022\/06\/39-Cartoucherie-portrait-Copie-765x510.jpg\" \/>\n<meta name=\"twitter:label1\" content=\"Dur\u00e9e de lecture estim\u00e9e\" \/>\n\t<meta name=\"twitter:data1\" content=\"2 minutes\" \/>\n<script type=\"application\/ld+json\" class=\"yoast-schema-graph\">{\"@context\":\"https:\\\/\\\/schema.org\",\"@graph\":[{\"@type\":\"WebPage\",\"@id\":\"https:\\\/\\\/theatre-petit-louvre.fr\\\/avignon\\\/hommage-a-martine-spangaro\\\/\",\"url\":\"https:\\\/\\\/theatre-petit-louvre.fr\\\/avignon\\\/hommage-a-martine-spangaro\\\/\",\"name\":\"Hommage \u00e0 Martine Spangaro - Le Petit Louvre\",\"isPartOf\":{\"@id\":\"https:\\\/\\\/theatre-petit-louvre.fr\\\/avignon\\\/#website\"},\"primaryImageOfPage\":{\"@id\":\"https:\\\/\\\/theatre-petit-louvre.fr\\\/avignon\\\/hommage-a-martine-spangaro\\\/#primaryimage\"},\"image\":{\"@id\":\"https:\\\/\\\/theatre-petit-louvre.fr\\\/avignon\\\/hommage-a-martine-spangaro\\\/#primaryimage\"},\"thumbnailUrl\":\"https:\\\/\\\/theatre-petit-louvre.fr\\\/avignon\\\/wp-content\\\/uploads\\\/2022\\\/06\\\/39-Cartoucherie-portrait-Copie-765x510.jpg\",\"datePublished\":\"2022-06-08T15:29:29+00:00\",\"dateModified\":\"2022-06-08T15:34:01+00:00\",\"description\":\"Chaque \u00e9t\u00e9, un th\u00e9\u00e2tre au c\u0153ur d'Avignon, Festival off : des textes, des auteurs, des autrices, des acteurs, des actrices. Deux salles climatis\u00e9es, 15 spectacles, un bar-restaurant.\",\"breadcrumb\":{\"@id\":\"https:\\\/\\\/theatre-petit-louvre.fr\\\/avignon\\\/hommage-a-martine-spangaro\\\/#breadcrumb\"},\"inLanguage\":\"fr-FR\",\"potentialAction\":[{\"@type\":\"ReadAction\",\"target\":[\"https:\\\/\\\/theatre-petit-louvre.fr\\\/avignon\\\/hommage-a-martine-spangaro\\\/\"]}]},{\"@type\":\"ImageObject\",\"inLanguage\":\"fr-FR\",\"@id\":\"https:\\\/\\\/theatre-petit-louvre.fr\\\/avignon\\\/hommage-a-martine-spangaro\\\/#primaryimage\",\"url\":\"https:\\\/\\\/theatre-petit-louvre.fr\\\/avignon\\\/wp-content\\\/uploads\\\/2022\\\/06\\\/39-Cartoucherie-portrait-Copie.jpg\",\"contentUrl\":\"https:\\\/\\\/theatre-petit-louvre.fr\\\/avignon\\\/wp-content\\\/uploads\\\/2022\\\/06\\\/39-Cartoucherie-portrait-Copie.jpg\",\"width\":900,\"height\":600},{\"@type\":\"BreadcrumbList\",\"@id\":\"https:\\\/\\\/theatre-petit-louvre.fr\\\/avignon\\\/hommage-a-martine-spangaro\\\/#breadcrumb\",\"itemListElement\":[{\"@type\":\"ListItem\",\"position\":1,\"name\":\"Home\",\"item\":\"https:\\\/\\\/theatre-petit-louvre.fr\\\/avignon\\\/\"},{\"@type\":\"ListItem\",\"position\":2,\"name\":\"Hommage \u00e0 Martine Spangaro\"}]},{\"@type\":\"WebSite\",\"@id\":\"https:\\\/\\\/theatre-petit-louvre.fr\\\/avignon\\\/#website\",\"url\":\"https:\\\/\\\/theatre-petit-louvre.fr\\\/avignon\\\/\",\"name\":\"Le Petit Louvre\",\"description\":\"un th\u00e9\u00e2tre au c\u0153ur d&#039;Avignon | Festival off\",\"publisher\":{\"@id\":\"https:\\\/\\\/theatre-petit-louvre.fr\\\/avignon\\\/#organization\"},\"potentialAction\":[{\"@type\":\"SearchAction\",\"target\":{\"@type\":\"EntryPoint\",\"urlTemplate\":\"https:\\\/\\\/theatre-petit-louvre.fr\\\/avignon\\\/?s={search_term_string}\"},\"query-input\":{\"@type\":\"PropertyValueSpecification\",\"valueRequired\":true,\"valueName\":\"search_term_string\"}}],\"inLanguage\":\"fr-FR\"},{\"@type\":\"Organization\",\"@id\":\"https:\\\/\\\/theatre-petit-louvre.fr\\\/avignon\\\/#organization\",\"name\":\"Th\u00e9\u00e2tre Le Petit Louvre\",\"url\":\"https:\\\/\\\/theatre-petit-louvre.fr\\\/avignon\\\/\",\"logo\":{\"@type\":\"ImageObject\",\"inLanguage\":\"fr-FR\",\"@id\":\"https:\\\/\\\/theatre-petit-louvre.fr\\\/avignon\\\/#\\\/schema\\\/logo\\\/image\\\/\",\"url\":\"https:\\\/\\\/theatre-petit-louvre.fr\\\/avignon\\\/wp-content\\\/uploads\\\/2022\\\/05\\\/logo_petit-louvre_2008_RVB.png\",\"contentUrl\":\"https:\\\/\\\/theatre-petit-louvre.fr\\\/avignon\\\/wp-content\\\/uploads\\\/2022\\\/05\\\/logo_petit-louvre_2008_RVB.png\",\"width\":374,\"height\":800,\"caption\":\"Th\u00e9\u00e2tre Le Petit Louvre\"},\"image\":{\"@id\":\"https:\\\/\\\/theatre-petit-louvre.fr\\\/avignon\\\/#\\\/schema\\\/logo\\\/image\\\/\"}}]}<\/script>\n<!-- \/ Yoast SEO plugin. -->","yoast_head_json":{"title":"Hommage \u00e0 Martine Spangaro - Le Petit Louvre","description":"Chaque \u00e9t\u00e9, un th\u00e9\u00e2tre au c\u0153ur d'Avignon, Festival off : des textes, des auteurs, des autrices, des acteurs, des actrices. Deux salles climatis\u00e9es, 15 spectacles, un bar-restaurant.","robots":{"index":"index","follow":"follow","max-snippet":"max-snippet:-1","max-image-preview":"max-image-preview:large","max-video-preview":"max-video-preview:-1"},"canonical":"https:\/\/theatre-petit-louvre.fr\/avignon\/hommage-a-martine-spangaro\/","og_locale":"fr_FR","og_type":"article","og_title":"Hommage \u00e0 Martine Spangaro - Le Petit Louvre","og_description":"Chaque \u00e9t\u00e9, un th\u00e9\u00e2tre au c\u0153ur d'Avignon, Festival off : des textes, des auteurs, des autrices, des acteurs, des actrices. Deux salles climatis\u00e9es, 15 spectacles, un bar-restaurant.","og_url":"https:\/\/theatre-petit-louvre.fr\/avignon\/hommage-a-martine-spangaro\/","og_site_name":"Le Petit Louvre","article_modified_time":"2022-06-08T15:34:01+00:00","og_image":[{"url":"https:\/\/theatre-petit-louvre.fr\/avignon\/wp-content\/uploads\/2022\/06\/39-Cartoucherie-portrait-Copie-765x510.jpg","type":"","width":"","height":""}],"twitter_misc":{"Dur\u00e9e de lecture estim\u00e9e":"2 minutes"},"schema":{"@context":"https:\/\/schema.org","@graph":[{"@type":"WebPage","@id":"https:\/\/theatre-petit-louvre.fr\/avignon\/hommage-a-martine-spangaro\/","url":"https:\/\/theatre-petit-louvre.fr\/avignon\/hommage-a-martine-spangaro\/","name":"Hommage \u00e0 Martine Spangaro - Le Petit Louvre","isPartOf":{"@id":"https:\/\/theatre-petit-louvre.fr\/avignon\/#website"},"primaryImageOfPage":{"@id":"https:\/\/theatre-petit-louvre.fr\/avignon\/hommage-a-martine-spangaro\/#primaryimage"},"image":{"@id":"https:\/\/theatre-petit-louvre.fr\/avignon\/hommage-a-martine-spangaro\/#primaryimage"},"thumbnailUrl":"https:\/\/theatre-petit-louvre.fr\/avignon\/wp-content\/uploads\/2022\/06\/39-Cartoucherie-portrait-Copie-765x510.jpg","datePublished":"2022-06-08T15:29:29+00:00","dateModified":"2022-06-08T15:34:01+00:00","description":"Chaque \u00e9t\u00e9, un th\u00e9\u00e2tre au c\u0153ur d'Avignon, Festival off : des textes, des auteurs, des autrices, des acteurs, des actrices. Deux salles climatis\u00e9es, 15 spectacles, un bar-restaurant.","breadcrumb":{"@id":"https:\/\/theatre-petit-louvre.fr\/avignon\/hommage-a-martine-spangaro\/#breadcrumb"},"inLanguage":"fr-FR","potentialAction":[{"@type":"ReadAction","target":["https:\/\/theatre-petit-louvre.fr\/avignon\/hommage-a-martine-spangaro\/"]}]},{"@type":"ImageObject","inLanguage":"fr-FR","@id":"https:\/\/theatre-petit-louvre.fr\/avignon\/hommage-a-martine-spangaro\/#primaryimage","url":"https:\/\/theatre-petit-louvre.fr\/avignon\/wp-content\/uploads\/2022\/06\/39-Cartoucherie-portrait-Copie.jpg","contentUrl":"https:\/\/theatre-petit-louvre.fr\/avignon\/wp-content\/uploads\/2022\/06\/39-Cartoucherie-portrait-Copie.jpg","width":900,"height":600},{"@type":"BreadcrumbList","@id":"https:\/\/theatre-petit-louvre.fr\/avignon\/hommage-a-martine-spangaro\/#breadcrumb","itemListElement":[{"@type":"ListItem","position":1,"name":"Home","item":"https:\/\/theatre-petit-louvre.fr\/avignon\/"},{"@type":"ListItem","position":2,"name":"Hommage \u00e0 Martine Spangaro"}]},{"@type":"WebSite","@id":"https:\/\/theatre-petit-louvre.fr\/avignon\/#website","url":"https:\/\/theatre-petit-louvre.fr\/avignon\/","name":"Le Petit Louvre","description":"un th\u00e9\u00e2tre au c\u0153ur d&#039;Avignon | Festival off","publisher":{"@id":"https:\/\/theatre-petit-louvre.fr\/avignon\/#organization"},"potentialAction":[{"@type":"SearchAction","target":{"@type":"EntryPoint","urlTemplate":"https:\/\/theatre-petit-louvre.fr\/avignon\/?s={search_term_string}"},"query-input":{"@type":"PropertyValueSpecification","valueRequired":true,"valueName":"search_term_string"}}],"inLanguage":"fr-FR"},{"@type":"Organization","@id":"https:\/\/theatre-petit-louvre.fr\/avignon\/#organization","name":"Th\u00e9\u00e2tre Le Petit Louvre","url":"https:\/\/theatre-petit-louvre.fr\/avignon\/","logo":{"@type":"ImageObject","inLanguage":"fr-FR","@id":"https:\/\/theatre-petit-louvre.fr\/avignon\/#\/schema\/logo\/image\/","url":"https:\/\/theatre-petit-louvre.fr\/avignon\/wp-content\/uploads\/2022\/05\/logo_petit-louvre_2008_RVB.png","contentUrl":"https:\/\/theatre-petit-louvre.fr\/avignon\/wp-content\/uploads\/2022\/05\/logo_petit-louvre_2008_RVB.png","width":374,"height":800,"caption":"Th\u00e9\u00e2tre Le Petit Louvre"},"image":{"@id":"https:\/\/theatre-petit-louvre.fr\/avignon\/#\/schema\/logo\/image\/"}}]}},"uagb_featured_image_src":{"full":false,"thumbnail":false,"medium":false,"medium_large":false,"large":false,"1536x1536":false,"2048x2048":false},"uagb_author_info":{"display_name":"Jocelyne","author_link":"https:\/\/theatre-petit-louvre.fr\/avignon\/author\/jocelyne\/"},"uagb_comment_info":0,"uagb_excerpt":"La rayonnante directrice artistique du th\u00e9\u00e2tre du Petit Louvre est d\u00e9c\u00e9d\u00e9e en mai 2020. L&rsquo;annonce de l&rsquo;annulation du festival lui aura \u00f4t\u00e9 les derni\u00e8res armes pour se battre contre la maladie. Apr\u00e8s avoir collabor\u00e9 activement \u00e0 la cr\u00e9ation des centres dramatiques nationaux de Limoges et de Besan\u00e7on au d\u00e9but des ann\u00e9es 70, Martine Spangaro fait\u2026","_links":{"self":[{"href":"https:\/\/theatre-petit-louvre.fr\/avignon\/wp-json\/wp\/v2\/pages\/3390","targetHints":{"allow":["GET"]}}],"collection":[{"href":"https:\/\/theatre-petit-louvre.fr\/avignon\/wp-json\/wp\/v2\/pages"}],"about":[{"href":"https:\/\/theatre-petit-louvre.fr\/avignon\/wp-json\/wp\/v2\/types\/page"}],"author":[{"embeddable":true,"href":"https:\/\/theatre-petit-louvre.fr\/avignon\/wp-json\/wp\/v2\/users\/3"}],"replies":[{"embeddable":true,"href":"https:\/\/theatre-petit-louvre.fr\/avignon\/wp-json\/wp\/v2\/comments?post=3390"}],"version-history":[{"count":4,"href":"https:\/\/theatre-petit-louvre.fr\/avignon\/wp-json\/wp\/v2\/pages\/3390\/revisions"}],"predecessor-version":[{"id":3395,"href":"https:\/\/theatre-petit-louvre.fr\/avignon\/wp-json\/wp\/v2\/pages\/3390\/revisions\/3395"}],"wp:attachment":[{"href":"https:\/\/theatre-petit-louvre.fr\/avignon\/wp-json\/wp\/v2\/media?parent=3390"}],"wp:term":[{"taxonomy":"category","embeddable":true,"href":"https:\/\/theatre-petit-louvre.fr\/avignon\/wp-json\/wp\/v2\/categories?post=3390"},{"taxonomy":"post_tag","embeddable":true,"href":"https:\/\/theatre-petit-louvre.fr\/avignon\/wp-json\/wp\/v2\/tags?post=3390"}],"curies":[{"name":"wp","href":"https:\/\/api.w.org\/{rel}","templated":true}]}}