{"id":3584,"date":"2023-05-23T17:24:59","date_gmt":"2023-05-23T16:24:59","guid":{"rendered":"https:\/\/theatre-petit-louvre.fr\/avignon\/?page_id=3584"},"modified":"2023-06-05T06:30:19","modified_gmt":"2023-06-05T05:30:19","slug":"tete-a-tete-avec-rimbaud","status":"publish","type":"page","link":"https:\/\/theatre-petit-louvre.fr\/avignon\/tete-a-tete-avec-rimbaud\/","title":{"rendered":"TETE-A-TETE AVEC RIMBAUD"},"content":{"rendered":"\n<p><strong>De Brigitte Arnaudet et Micka\u00ebl Winum. Mise en sc\u00e8ne Brigitte Arnaudet.<\/strong><br>Compagnie Art&rsquo;monie<\/p>\n\n\n\n<p class=\"has-ast-global-color-4-background-color has-background\"><strong>SALLE VAN GOGH<\/strong> du 7 au 29 juillet 2023, \u00e0 <strong>16h30<\/strong>. Dur\u00e9e <strong>1h10<\/strong><br>Tarifs<strong> 20\/14\/10 euros<\/strong>. Rel\u00e2che le mercredi <strong>(12, 19 et 26 juillet)<\/strong>.<\/p>\n\n\n\n<div class=\"wp-block-buttons is-layout-flex wp-block-buttons-is-layout-flex\">\n<div class=\"wp-block-button\"><a class=\"wp-block-button__link\" href=\"https:\/\/billetterie-le-petit-louvre.tickandlive.com\/evenement\/tete-a-tete-avec-rimbaud\" target=\"_blank\" rel=\"noreferrer noopener\">R\u00e9servez vos places<\/a><\/div>\n<\/div>\n\n\n\n<div style=\"height:31px\" aria-hidden=\"true\" class=\"wp-block-spacer\"><\/div>\n\n\n\n<figure class=\"wp-block-gallery has-nested-images columns-default is-cropped wp-block-gallery-1 is-layout-flex wp-block-gallery-is-layout-flex\">\n<figure class=\"wp-block-image size-large\"><a href=\"https:\/\/theatre-petit-louvre.fr\/avignon\/wp-content\/uploads\/2023\/05\/3CA52FF9-F2FF-45CB-8B94-7D0E81874A4D_1_105_c.jpeg\" rel=\"lightbox[3584]\"><img loading=\"lazy\" decoding=\"async\" width=\"768\" height=\"510\" data-id=\"3587\" src=\"https:\/\/theatre-petit-louvre.fr\/avignon\/wp-content\/uploads\/2023\/05\/3CA52FF9-F2FF-45CB-8B94-7D0E81874A4D_1_105_c-768x510.jpeg\" alt=\"\" class=\"wp-image-3587\" srcset=\"https:\/\/theatre-petit-louvre.fr\/avignon\/wp-content\/uploads\/2023\/05\/3CA52FF9-F2FF-45CB-8B94-7D0E81874A4D_1_105_c-768x510.jpeg 768w, https:\/\/theatre-petit-louvre.fr\/avignon\/wp-content\/uploads\/2023\/05\/3CA52FF9-F2FF-45CB-8B94-7D0E81874A4D_1_105_c-300x199.jpeg 300w, https:\/\/theatre-petit-louvre.fr\/avignon\/wp-content\/uploads\/2023\/05\/3CA52FF9-F2FF-45CB-8B94-7D0E81874A4D_1_105_c-150x100.jpeg 150w, https:\/\/theatre-petit-louvre.fr\/avignon\/wp-content\/uploads\/2023\/05\/3CA52FF9-F2FF-45CB-8B94-7D0E81874A4D_1_105_c.jpeg 903w\" sizes=\"auto, (max-width: 768px) 100vw, 768px\" \/><\/a><\/figure>\n\n\n\n<figure class=\"wp-block-image size-large\"><a href=\"https:\/\/theatre-petit-louvre.fr\/avignon\/wp-content\/uploads\/2023\/05\/3FD261D3-E63E-4EF6-A69E-73BE030219A9_1_105_c.jpeg\" rel=\"lightbox[3584]\"><img loading=\"lazy\" decoding=\"async\" width=\"768\" height=\"510\" data-id=\"3586\" src=\"https:\/\/theatre-petit-louvre.fr\/avignon\/wp-content\/uploads\/2023\/05\/3FD261D3-E63E-4EF6-A69E-73BE030219A9_1_105_c-768x510.jpeg\" alt=\"\" class=\"wp-image-3586\" srcset=\"https:\/\/theatre-petit-louvre.fr\/avignon\/wp-content\/uploads\/2023\/05\/3FD261D3-E63E-4EF6-A69E-73BE030219A9_1_105_c-768x510.jpeg 768w, https:\/\/theatre-petit-louvre.fr\/avignon\/wp-content\/uploads\/2023\/05\/3FD261D3-E63E-4EF6-A69E-73BE030219A9_1_105_c-300x199.jpeg 300w, https:\/\/theatre-petit-louvre.fr\/avignon\/wp-content\/uploads\/2023\/05\/3FD261D3-E63E-4EF6-A69E-73BE030219A9_1_105_c-150x100.jpeg 150w, https:\/\/theatre-petit-louvre.fr\/avignon\/wp-content\/uploads\/2023\/05\/3FD261D3-E63E-4EF6-A69E-73BE030219A9_1_105_c.jpeg 903w\" sizes=\"auto, (max-width: 768px) 100vw, 768px\" \/><\/a><\/figure>\n\n\n\n<figure class=\"wp-block-image size-large\"><a href=\"https:\/\/theatre-petit-louvre.fr\/avignon\/wp-content\/uploads\/2023\/05\/815E2809-7484-4993-9FD7-8426DD14AA3C_1_105_c.jpeg\" rel=\"lightbox[3584]\"><img loading=\"lazy\" decoding=\"async\" width=\"339\" height=\"510\" data-id=\"3588\" src=\"https:\/\/theatre-petit-louvre.fr\/avignon\/wp-content\/uploads\/2023\/05\/815E2809-7484-4993-9FD7-8426DD14AA3C_1_105_c-339x510.jpeg\" alt=\"\" class=\"wp-image-3588\" srcset=\"https:\/\/theatre-petit-louvre.fr\/avignon\/wp-content\/uploads\/2023\/05\/815E2809-7484-4993-9FD7-8426DD14AA3C_1_105_c-339x510.jpeg 339w, https:\/\/theatre-petit-louvre.fr\/avignon\/wp-content\/uploads\/2023\/05\/815E2809-7484-4993-9FD7-8426DD14AA3C_1_105_c-200x300.jpeg 200w, https:\/\/theatre-petit-louvre.fr\/avignon\/wp-content\/uploads\/2023\/05\/815E2809-7484-4993-9FD7-8426DD14AA3C_1_105_c-100x150.jpeg 100w, https:\/\/theatre-petit-louvre.fr\/avignon\/wp-content\/uploads\/2023\/05\/815E2809-7484-4993-9FD7-8426DD14AA3C_1_105_c.jpeg 399w\" sizes=\"auto, (max-width: 339px) 100vw, 339px\" \/><\/a><\/figure>\n<\/figure>\n\n\n\n<p style=\"font-size:14px\"><strong>L\u2019homme aux semelles de vent. <\/strong><br><strong>A la veille de sa mort, Arthur Rimbaud se rem\u00e9more les grandes lignes de sa vie : de son enfance \u00e0 ses ann\u00e9es d\u2019aventures en Afrique en passant par ses d\u00e9buts de jeune po\u00e8te et ses amours avec Verlaine. Il cherche, se questionne en n\u2019oubliant jamais cette perp\u00e9tuelle qu\u00eate d\u2019un \u00ab Ailleurs \u00bb.<\/strong><\/p>\n\n\n\n<div class=\"wp-block-media-text alignwide is-stacked-on-mobile\" style=\"grid-template-columns:41% auto\"><figure class=\"wp-block-media-text__media\"><img loading=\"lazy\" decoding=\"async\" width=\"467\" height=\"510\" src=\"https:\/\/theatre-petit-louvre.fr\/avignon\/wp-content\/uploads\/2023\/05\/Rimbaud-467x510.jpg\" alt=\"\" class=\"wp-image-3589 size-full\" srcset=\"https:\/\/theatre-petit-louvre.fr\/avignon\/wp-content\/uploads\/2023\/05\/Rimbaud-467x510.jpg 467w, https:\/\/theatre-petit-louvre.fr\/avignon\/wp-content\/uploads\/2023\/05\/Rimbaud-275x300.jpg 275w, https:\/\/theatre-petit-louvre.fr\/avignon\/wp-content\/uploads\/2023\/05\/Rimbaud-137x150.jpg 137w, https:\/\/theatre-petit-louvre.fr\/avignon\/wp-content\/uploads\/2023\/05\/Rimbaud.jpg 549w\" sizes=\"auto, (max-width: 467px) 100vw, 467px\" \/><\/figure><div class=\"wp-block-media-text__content\">\n<p class=\"has-small-font-size\">1873. Rimbaud a 19 ans. Il vient d\u2019achever <em>Une saison en enfer<\/em> et fait \u00e9diter ce recueil en prose \u00e0 Bruxelles \u00e0 compte d\u2019auteur puis s\u2019en d\u00e9sint\u00e9resse. D\u00e9sormais, il n\u2019\u00e9crira plus et se lance dans une vie d\u2019explorateur, de commer\u00e7ant, de journaliste.<br>Nous sommes \u00e0 la fin de sa vie ; seul et fatigu\u00e9 de ses exc\u00e8s, amput\u00e9 d\u2019une jambe, il se rem\u00e9more les grandes lignes de son existence et les partage avec les spectateurs qui vont vivre \u00e0 travers ses r\u00e9cits les fragilit\u00e9s de sa relation avec sa m\u00e8re et leur incapacit\u00e9 \u00e0 communiquer, son intimit\u00e9 avec Verlaine et la rivalit\u00e9 avec sa femme Mathilde. Nous verrons le Rimbaud malade et meurtri, le jeune po\u00e8te fougueux et provocateur, l\u2019amoureux et le volage. Cette approche de l\u2019univers de Rimbaud se veut avant tout humaine&nbsp;: retracer la vie du po\u00e8te certes mais surtout d\u00e9couvrir l\u2019homme qu\u2019il a \u00e9t\u00e9, ses souffrances, ses questionnements et sa relation \u00e0 l\u2019autre, l\u2019absence du p\u00e8re, le relais pris par une m\u00e8re incapable d\u2019exprimer ses \u00e9motions et l\u2019affection \u00e0 laquelle il aspirait.<br>Ce t\u00eate-\u00e0-t\u00eate interpelle le spectateur sur sa propre vie&nbsp;: l\u2019intime, l\u2019amour, le voyage, le rapport \u00e0 soi.<\/p>\n<\/div><\/div>\n\n\n\n<p class=\"has-ast-global-color-0-color has-ast-global-color-4-background-color has-text-color has-background\"><strong>Avec Micka\u00ebl Winum<\/strong><\/p>\n\n\n\n<p class=\"has-small-font-size\">\u00ab&nbsp;Micka\u00ebl Winum met toute sa virtuosit\u00e9 au service d\u2019un t\u00eate-\u00e0-t\u00eate touchant avec le po\u00e8te Arthur Rimbaud. Le com\u00e9dien met en valeur les multiples facettes du jeune po\u00e8te r\u00e9volt\u00e9. Au long de ses errances, il donne corps aux multiples personnages qui ont crois\u00e9 son chemin. La mise en sc\u00e8ne sobre et \u00e9pur\u00e9e avec un fond noir et des drap\u00e9s blancs permet au com\u00e9dien d\u2019appuyer toute la force d\u2019un parcours singulier et tourment\u00e9.&nbsp;\u00bb&nbsp; <strong>Derni\u00e8res Nouvelles d\u2019Alsace<\/strong><\/p>\n\n\n\n<p class=\"has-small-font-size\"><em>&nbsp;<\/em>\u00ab Dans <em>T\u00eate-\u00e0-t\u00eate avec Rimbaud<\/em>, le po\u00e8te appara\u00eet en chair et en os, grand, sculptural et diablement rebelle. La pr\u00e9sence du com\u00e9dien Micka\u00ebl Winum est pr\u00e9gnante&nbsp;: on sent qu\u2019il est habit\u00e9 par son personnage. L\u2019histoire \u00e9crite \u00e0 quatre mains par le com\u00e9dien et la metteuse en sc\u00e8ne Brigitte Arnaudet fait mouche.&nbsp;<em>\u00bb<\/em><strong> L\u2019Alsace<\/strong><\/p>\n","protected":false},"excerpt":{"rendered":"<p>De Brigitte Arnaudet et Micka\u00ebl Winum. Mise en sc\u00e8ne Brigitte Arnaudet.Compagnie Art&rsquo;monie SALLE VAN GOGH du 7 au 29 juillet 2023, \u00e0 16h30. Dur\u00e9e 1h10Tarifs 20\/14\/10 euros. Rel\u00e2che le mercredi (12, 19 et 26 juillet). L\u2019homme aux semelles de vent. A la veille de sa mort, Arthur Rimbaud se rem\u00e9more les grandes lignes de sa [&hellip;]<\/p>\n","protected":false},"author":3,"featured_media":0,"parent":0,"menu_order":0,"comment_status":"closed","ping_status":"closed","template":"","meta":{"_uag_custom_page_level_css":"","site-sidebar-layout":"default","site-content-layout":"","ast-site-content-layout":"default","site-content-style":"default","site-sidebar-style":"default","ast-global-header-display":"","ast-banner-title-visibility":"","ast-main-header-display":"","ast-hfb-above-header-display":"","ast-hfb-below-header-display":"","ast-hfb-mobile-header-display":"","site-post-title":"","ast-breadcrumbs-content":"","ast-featured-img":"","footer-sml-layout":"","ast-disable-related-posts":"","theme-transparent-header-meta":"","adv-header-id-meta":"","stick-header-meta":"","header-above-stick-meta":"","header-main-stick-meta":"","header-below-stick-meta":"","astra-migrate-meta-layouts":"default","ast-page-background-enabled":"default","ast-page-background-meta":{"desktop":{"background-color":"var(--ast-global-color-4)","background-image":"","background-repeat":"repeat","background-position":"center center","background-size":"auto","background-attachment":"scroll","background-type":"","background-media":"","overlay-type":"","overlay-color":"","overlay-opacity":"","overlay-gradient":""},"tablet":{"background-color":"","background-image":"","background-repeat":"repeat","background-position":"center center","background-size":"auto","background-attachment":"scroll","background-type":"","background-media":"","overlay-type":"","overlay-color":"","overlay-opacity":"","overlay-gradient":""},"mobile":{"background-color":"","background-image":"","background-repeat":"repeat","background-position":"center center","background-size":"auto","background-attachment":"scroll","background-type":"","background-media":"","overlay-type":"","overlay-color":"","overlay-opacity":"","overlay-gradient":""}},"ast-content-background-meta":{"desktop":{"background-color":"var(--ast-global-color-5)","background-image":"","background-repeat":"repeat","background-position":"center center","background-size":"auto","background-attachment":"scroll","background-type":"","background-media":"","overlay-type":"","overlay-color":"","overlay-opacity":"","overlay-gradient":""},"tablet":{"background-color":"var(--ast-global-color-5)","background-image":"","background-repeat":"repeat","background-position":"center center","background-size":"auto","background-attachment":"scroll","background-type":"","background-media":"","overlay-type":"","overlay-color":"","overlay-opacity":"","overlay-gradient":""},"mobile":{"background-color":"var(--ast-global-color-5)","background-image":"","background-repeat":"repeat","background-position":"center center","background-size":"auto","background-attachment":"scroll","background-type":"","background-media":"","overlay-type":"","overlay-color":"","overlay-opacity":"","overlay-gradient":""}},"footnotes":"","_links_to":"","_links_to_target":""},"categories":[],"tags":[],"class_list":["post-3584","page","type-page","status-publish","hentry"],"yoast_head":"<!-- This site is optimized with the Yoast SEO plugin v27.4 - https:\/\/yoast.com\/product\/yoast-seo-wordpress\/ -->\n<title>TETE-A-TETE AVEC RIMBAUD - Le Petit Louvre<\/title>\n<meta name=\"description\" content=\"Chaque \u00e9t\u00e9, un th\u00e9\u00e2tre au c\u0153ur d&#039;Avignon, Festival off : des textes, des auteurs, des autrices, des acteurs, des actrices. Deux salles climatis\u00e9es, 15 spectacles, un bar-restaurant.\" \/>\n<meta name=\"robots\" content=\"index, follow, max-snippet:-1, max-image-preview:large, max-video-preview:-1\" \/>\n<link rel=\"canonical\" href=\"https:\/\/theatre-petit-louvre.fr\/avignon\/tete-a-tete-avec-rimbaud\/\" \/>\n<meta property=\"og:locale\" content=\"fr_FR\" \/>\n<meta property=\"og:type\" content=\"article\" \/>\n<meta property=\"og:title\" content=\"TETE-A-TETE AVEC RIMBAUD - Le Petit Louvre\" \/>\n<meta property=\"og:description\" content=\"Chaque \u00e9t\u00e9, un th\u00e9\u00e2tre au c\u0153ur d&#039;Avignon, Festival off : des textes, des auteurs, des autrices, des acteurs, des actrices. Deux salles climatis\u00e9es, 15 spectacles, un bar-restaurant.\" \/>\n<meta property=\"og:url\" content=\"https:\/\/theatre-petit-louvre.fr\/avignon\/tete-a-tete-avec-rimbaud\/\" \/>\n<meta property=\"og:site_name\" content=\"Le Petit Louvre\" \/>\n<meta property=\"article:modified_time\" content=\"2023-06-05T05:30:19+00:00\" \/>\n<meta property=\"og:image\" content=\"https:\/\/theatre-petit-louvre.fr\/avignon\/wp-content\/uploads\/2023\/05\/3CA52FF9-F2FF-45CB-8B94-7D0E81874A4D_1_105_c-768x510.jpeg\" \/>\n<meta name=\"twitter:label1\" content=\"Dur\u00e9e de lecture estim\u00e9e\" \/>\n\t<meta name=\"twitter:data1\" content=\"2 minutes\" \/>\n<script type=\"application\/ld+json\" class=\"yoast-schema-graph\">{\"@context\":\"https:\\\/\\\/schema.org\",\"@graph\":[{\"@type\":\"WebPage\",\"@id\":\"https:\\\/\\\/theatre-petit-louvre.fr\\\/avignon\\\/tete-a-tete-avec-rimbaud\\\/\",\"url\":\"https:\\\/\\\/theatre-petit-louvre.fr\\\/avignon\\\/tete-a-tete-avec-rimbaud\\\/\",\"name\":\"TETE-A-TETE AVEC RIMBAUD - Le Petit Louvre\",\"isPartOf\":{\"@id\":\"https:\\\/\\\/theatre-petit-louvre.fr\\\/avignon\\\/#website\"},\"primaryImageOfPage\":{\"@id\":\"https:\\\/\\\/theatre-petit-louvre.fr\\\/avignon\\\/tete-a-tete-avec-rimbaud\\\/#primaryimage\"},\"image\":{\"@id\":\"https:\\\/\\\/theatre-petit-louvre.fr\\\/avignon\\\/tete-a-tete-avec-rimbaud\\\/#primaryimage\"},\"thumbnailUrl\":\"https:\\\/\\\/theatre-petit-louvre.fr\\\/avignon\\\/wp-content\\\/uploads\\\/2023\\\/05\\\/3CA52FF9-F2FF-45CB-8B94-7D0E81874A4D_1_105_c-768x510.jpeg\",\"datePublished\":\"2023-05-23T16:24:59+00:00\",\"dateModified\":\"2023-06-05T05:30:19+00:00\",\"description\":\"Chaque \u00e9t\u00e9, un th\u00e9\u00e2tre au c\u0153ur d'Avignon, Festival off : des textes, des auteurs, des autrices, des acteurs, des actrices. Deux salles climatis\u00e9es, 15 spectacles, un bar-restaurant.\",\"breadcrumb\":{\"@id\":\"https:\\\/\\\/theatre-petit-louvre.fr\\\/avignon\\\/tete-a-tete-avec-rimbaud\\\/#breadcrumb\"},\"inLanguage\":\"fr-FR\",\"potentialAction\":[{\"@type\":\"ReadAction\",\"target\":[\"https:\\\/\\\/theatre-petit-louvre.fr\\\/avignon\\\/tete-a-tete-avec-rimbaud\\\/\"]}]},{\"@type\":\"ImageObject\",\"inLanguage\":\"fr-FR\",\"@id\":\"https:\\\/\\\/theatre-petit-louvre.fr\\\/avignon\\\/tete-a-tete-avec-rimbaud\\\/#primaryimage\",\"url\":\"https:\\\/\\\/theatre-petit-louvre.fr\\\/avignon\\\/wp-content\\\/uploads\\\/2023\\\/05\\\/3CA52FF9-F2FF-45CB-8B94-7D0E81874A4D_1_105_c.jpeg\",\"contentUrl\":\"https:\\\/\\\/theatre-petit-louvre.fr\\\/avignon\\\/wp-content\\\/uploads\\\/2023\\\/05\\\/3CA52FF9-F2FF-45CB-8B94-7D0E81874A4D_1_105_c.jpeg\",\"width\":903,\"height\":600},{\"@type\":\"BreadcrumbList\",\"@id\":\"https:\\\/\\\/theatre-petit-louvre.fr\\\/avignon\\\/tete-a-tete-avec-rimbaud\\\/#breadcrumb\",\"itemListElement\":[{\"@type\":\"ListItem\",\"position\":1,\"name\":\"Home\",\"item\":\"https:\\\/\\\/theatre-petit-louvre.fr\\\/avignon\\\/\"},{\"@type\":\"ListItem\",\"position\":2,\"name\":\"TETE-A-TETE AVEC RIMBAUD\"}]},{\"@type\":\"WebSite\",\"@id\":\"https:\\\/\\\/theatre-petit-louvre.fr\\\/avignon\\\/#website\",\"url\":\"https:\\\/\\\/theatre-petit-louvre.fr\\\/avignon\\\/\",\"name\":\"Le Petit Louvre\",\"description\":\"un th\u00e9\u00e2tre au c\u0153ur d&#039;Avignon | Festival off\",\"publisher\":{\"@id\":\"https:\\\/\\\/theatre-petit-louvre.fr\\\/avignon\\\/#organization\"},\"potentialAction\":[{\"@type\":\"SearchAction\",\"target\":{\"@type\":\"EntryPoint\",\"urlTemplate\":\"https:\\\/\\\/theatre-petit-louvre.fr\\\/avignon\\\/?s={search_term_string}\"},\"query-input\":{\"@type\":\"PropertyValueSpecification\",\"valueRequired\":true,\"valueName\":\"search_term_string\"}}],\"inLanguage\":\"fr-FR\"},{\"@type\":\"Organization\",\"@id\":\"https:\\\/\\\/theatre-petit-louvre.fr\\\/avignon\\\/#organization\",\"name\":\"Th\u00e9\u00e2tre Le Petit Louvre\",\"url\":\"https:\\\/\\\/theatre-petit-louvre.fr\\\/avignon\\\/\",\"logo\":{\"@type\":\"ImageObject\",\"inLanguage\":\"fr-FR\",\"@id\":\"https:\\\/\\\/theatre-petit-louvre.fr\\\/avignon\\\/#\\\/schema\\\/logo\\\/image\\\/\",\"url\":\"https:\\\/\\\/theatre-petit-louvre.fr\\\/avignon\\\/wp-content\\\/uploads\\\/2022\\\/05\\\/logo_petit-louvre_2008_RVB.png\",\"contentUrl\":\"https:\\\/\\\/theatre-petit-louvre.fr\\\/avignon\\\/wp-content\\\/uploads\\\/2022\\\/05\\\/logo_petit-louvre_2008_RVB.png\",\"width\":374,\"height\":800,\"caption\":\"Th\u00e9\u00e2tre Le Petit Louvre\"},\"image\":{\"@id\":\"https:\\\/\\\/theatre-petit-louvre.fr\\\/avignon\\\/#\\\/schema\\\/logo\\\/image\\\/\"}}]}<\/script>\n<!-- \/ Yoast SEO plugin. -->","yoast_head_json":{"title":"TETE-A-TETE AVEC RIMBAUD - Le Petit Louvre","description":"Chaque \u00e9t\u00e9, un th\u00e9\u00e2tre au c\u0153ur d'Avignon, Festival off : des textes, des auteurs, des autrices, des acteurs, des actrices. Deux salles climatis\u00e9es, 15 spectacles, un bar-restaurant.","robots":{"index":"index","follow":"follow","max-snippet":"max-snippet:-1","max-image-preview":"max-image-preview:large","max-video-preview":"max-video-preview:-1"},"canonical":"https:\/\/theatre-petit-louvre.fr\/avignon\/tete-a-tete-avec-rimbaud\/","og_locale":"fr_FR","og_type":"article","og_title":"TETE-A-TETE AVEC RIMBAUD - Le Petit Louvre","og_description":"Chaque \u00e9t\u00e9, un th\u00e9\u00e2tre au c\u0153ur d'Avignon, Festival off : des textes, des auteurs, des autrices, des acteurs, des actrices. Deux salles climatis\u00e9es, 15 spectacles, un bar-restaurant.","og_url":"https:\/\/theatre-petit-louvre.fr\/avignon\/tete-a-tete-avec-rimbaud\/","og_site_name":"Le Petit Louvre","article_modified_time":"2023-06-05T05:30:19+00:00","og_image":[{"url":"https:\/\/theatre-petit-louvre.fr\/avignon\/wp-content\/uploads\/2023\/05\/3CA52FF9-F2FF-45CB-8B94-7D0E81874A4D_1_105_c-768x510.jpeg","type":"","width":"","height":""}],"twitter_misc":{"Dur\u00e9e de lecture estim\u00e9e":"2 minutes"},"schema":{"@context":"https:\/\/schema.org","@graph":[{"@type":"WebPage","@id":"https:\/\/theatre-petit-louvre.fr\/avignon\/tete-a-tete-avec-rimbaud\/","url":"https:\/\/theatre-petit-louvre.fr\/avignon\/tete-a-tete-avec-rimbaud\/","name":"TETE-A-TETE AVEC RIMBAUD - Le Petit Louvre","isPartOf":{"@id":"https:\/\/theatre-petit-louvre.fr\/avignon\/#website"},"primaryImageOfPage":{"@id":"https:\/\/theatre-petit-louvre.fr\/avignon\/tete-a-tete-avec-rimbaud\/#primaryimage"},"image":{"@id":"https:\/\/theatre-petit-louvre.fr\/avignon\/tete-a-tete-avec-rimbaud\/#primaryimage"},"thumbnailUrl":"https:\/\/theatre-petit-louvre.fr\/avignon\/wp-content\/uploads\/2023\/05\/3CA52FF9-F2FF-45CB-8B94-7D0E81874A4D_1_105_c-768x510.jpeg","datePublished":"2023-05-23T16:24:59+00:00","dateModified":"2023-06-05T05:30:19+00:00","description":"Chaque \u00e9t\u00e9, un th\u00e9\u00e2tre au c\u0153ur d'Avignon, Festival off : des textes, des auteurs, des autrices, des acteurs, des actrices. Deux salles climatis\u00e9es, 15 spectacles, un bar-restaurant.","breadcrumb":{"@id":"https:\/\/theatre-petit-louvre.fr\/avignon\/tete-a-tete-avec-rimbaud\/#breadcrumb"},"inLanguage":"fr-FR","potentialAction":[{"@type":"ReadAction","target":["https:\/\/theatre-petit-louvre.fr\/avignon\/tete-a-tete-avec-rimbaud\/"]}]},{"@type":"ImageObject","inLanguage":"fr-FR","@id":"https:\/\/theatre-petit-louvre.fr\/avignon\/tete-a-tete-avec-rimbaud\/#primaryimage","url":"https:\/\/theatre-petit-louvre.fr\/avignon\/wp-content\/uploads\/2023\/05\/3CA52FF9-F2FF-45CB-8B94-7D0E81874A4D_1_105_c.jpeg","contentUrl":"https:\/\/theatre-petit-louvre.fr\/avignon\/wp-content\/uploads\/2023\/05\/3CA52FF9-F2FF-45CB-8B94-7D0E81874A4D_1_105_c.jpeg","width":903,"height":600},{"@type":"BreadcrumbList","@id":"https:\/\/theatre-petit-louvre.fr\/avignon\/tete-a-tete-avec-rimbaud\/#breadcrumb","itemListElement":[{"@type":"ListItem","position":1,"name":"Home","item":"https:\/\/theatre-petit-louvre.fr\/avignon\/"},{"@type":"ListItem","position":2,"name":"TETE-A-TETE AVEC RIMBAUD"}]},{"@type":"WebSite","@id":"https:\/\/theatre-petit-louvre.fr\/avignon\/#website","url":"https:\/\/theatre-petit-louvre.fr\/avignon\/","name":"Le Petit Louvre","description":"un th\u00e9\u00e2tre au c\u0153ur d&#039;Avignon | Festival off","publisher":{"@id":"https:\/\/theatre-petit-louvre.fr\/avignon\/#organization"},"potentialAction":[{"@type":"SearchAction","target":{"@type":"EntryPoint","urlTemplate":"https:\/\/theatre-petit-louvre.fr\/avignon\/?s={search_term_string}"},"query-input":{"@type":"PropertyValueSpecification","valueRequired":true,"valueName":"search_term_string"}}],"inLanguage":"fr-FR"},{"@type":"Organization","@id":"https:\/\/theatre-petit-louvre.fr\/avignon\/#organization","name":"Th\u00e9\u00e2tre Le Petit Louvre","url":"https:\/\/theatre-petit-louvre.fr\/avignon\/","logo":{"@type":"ImageObject","inLanguage":"fr-FR","@id":"https:\/\/theatre-petit-louvre.fr\/avignon\/#\/schema\/logo\/image\/","url":"https:\/\/theatre-petit-louvre.fr\/avignon\/wp-content\/uploads\/2022\/05\/logo_petit-louvre_2008_RVB.png","contentUrl":"https:\/\/theatre-petit-louvre.fr\/avignon\/wp-content\/uploads\/2022\/05\/logo_petit-louvre_2008_RVB.png","width":374,"height":800,"caption":"Th\u00e9\u00e2tre Le Petit Louvre"},"image":{"@id":"https:\/\/theatre-petit-louvre.fr\/avignon\/#\/schema\/logo\/image\/"}}]}},"uagb_featured_image_src":{"full":false,"thumbnail":false,"medium":false,"medium_large":false,"large":false,"1536x1536":false,"2048x2048":false},"uagb_author_info":{"display_name":"Jocelyne","author_link":"https:\/\/theatre-petit-louvre.fr\/avignon\/author\/jocelyne\/"},"uagb_comment_info":0,"uagb_excerpt":"De Brigitte Arnaudet et Micka\u00ebl Winum. Mise en sc\u00e8ne Brigitte Arnaudet.Compagnie Art&rsquo;monie SALLE VAN GOGH du 7 au 29 juillet 2023, \u00e0 16h30. Dur\u00e9e 1h10Tarifs 20\/14\/10 euros. Rel\u00e2che le mercredi (12, 19 et 26 juillet). L\u2019homme aux semelles de vent. A la veille de sa mort, Arthur Rimbaud se rem\u00e9more les grandes lignes de sa\u2026","_links":{"self":[{"href":"https:\/\/theatre-petit-louvre.fr\/avignon\/wp-json\/wp\/v2\/pages\/3584","targetHints":{"allow":["GET"]}}],"collection":[{"href":"https:\/\/theatre-petit-louvre.fr\/avignon\/wp-json\/wp\/v2\/pages"}],"about":[{"href":"https:\/\/theatre-petit-louvre.fr\/avignon\/wp-json\/wp\/v2\/types\/page"}],"author":[{"embeddable":true,"href":"https:\/\/theatre-petit-louvre.fr\/avignon\/wp-json\/wp\/v2\/users\/3"}],"replies":[{"embeddable":true,"href":"https:\/\/theatre-petit-louvre.fr\/avignon\/wp-json\/wp\/v2\/comments?post=3584"}],"version-history":[{"count":7,"href":"https:\/\/theatre-petit-louvre.fr\/avignon\/wp-json\/wp\/v2\/pages\/3584\/revisions"}],"predecessor-version":[{"id":4099,"href":"https:\/\/theatre-petit-louvre.fr\/avignon\/wp-json\/wp\/v2\/pages\/3584\/revisions\/4099"}],"wp:attachment":[{"href":"https:\/\/theatre-petit-louvre.fr\/avignon\/wp-json\/wp\/v2\/media?parent=3584"}],"wp:term":[{"taxonomy":"category","embeddable":true,"href":"https:\/\/theatre-petit-louvre.fr\/avignon\/wp-json\/wp\/v2\/categories?post=3584"},{"taxonomy":"post_tag","embeddable":true,"href":"https:\/\/theatre-petit-louvre.fr\/avignon\/wp-json\/wp\/v2\/tags?post=3584"}],"curies":[{"name":"wp","href":"https:\/\/api.w.org\/{rel}","templated":true}]}}