{"id":4738,"date":"2026-03-16T19:17:33","date_gmt":"2026-03-16T18:17:33","guid":{"rendered":"https:\/\/theatre-petit-louvre.fr\/avignon\/?page_id=4738"},"modified":"2026-04-20T12:43:21","modified_gmt":"2026-04-20T11:43:21","slug":"pl26-la-truite","status":"publish","type":"page","link":"https:\/\/theatre-petit-louvre.fr\/avignon\/pl26-la-truite\/","title":{"rendered":"PL26 &#8211; LA TRUITE"},"content":{"rendered":"\n<h2 class=\"wp-block-heading\"><strong>LA TRUITE<\/strong><\/h2>\n\n\n\n<p><strong>SPECTACLE MUSICAL<\/strong><\/p>\n\n\n\n<p class=\"has-ast-global-color-4-background-color has-background\"><strong>21h10<\/strong> &#8211; <strong>CHAPELLE DES TEMPLIERS <\/strong><br>du 4 au 25 juillet 2026 . Rel\u00e2che le jeudi <strong>(9, 16 et 23 juillet)<\/strong><br>Dur\u00e9e <strong>1h15<\/strong> &#8211; A partir de 7 ans &#8211; Tarifs A <strong>26\/18\/12<\/strong> <strong>euros<\/strong>.<\/p>\n\n\n\n<div class=\"wp-block-buttons alignwide is-content-justification-center is-layout-flex wp-container-core-buttons-is-layout-a89b3969 wp-block-buttons-is-layout-flex\">\n<div class=\"wp-block-button\"><a class=\"wp-block-button__link wp-element-button\" href=\"https:\/\/billetterie-le-petit-louvre.tickandlive.com\/evenement\/la-truite-1\" target=\"_blank\" rel=\"noreferrer noopener\">R\u00e9servez vos places<\/a><\/div>\n<\/div>\n\n\n\n<p><\/p>\n\n\n\n<div class=\"wp-block-media-text is-stacked-on-mobile is-vertically-aligned-center\" style=\"grid-template-columns:34% auto\"><figure class=\"wp-block-media-text__media\"><img loading=\"lazy\" decoding=\"async\" width=\"340\" height=\"510\" src=\"https:\/\/theatre-petit-louvre.fr\/avignon\/wp-content\/uploads\/2026\/03\/CHAP-7-La-truite-340x510.jpg\" alt=\"\" class=\"wp-image-5030 size-full\" srcset=\"https:\/\/theatre-petit-louvre.fr\/avignon\/wp-content\/uploads\/2026\/03\/CHAP-7-La-truite-340x510.jpg 340w, https:\/\/theatre-petit-louvre.fr\/avignon\/wp-content\/uploads\/2026\/03\/CHAP-7-La-truite-200x300.jpg 200w, https:\/\/theatre-petit-louvre.fr\/avignon\/wp-content\/uploads\/2026\/03\/CHAP-7-La-truite-100x150.jpg 100w, https:\/\/theatre-petit-louvre.fr\/avignon\/wp-content\/uploads\/2026\/03\/CHAP-7-La-truite.jpg 400w\" sizes=\"auto, (max-width: 340px) 100vw, 340px\" \/><\/figure><div class=\"wp-block-media-text__content\">\n<p><em>Par<\/em> <em><strong>Accordz\u00e9\u00e2m<\/strong><\/em><br><em>Mise en sc\u00e8ne d<\/em>&lsquo;<strong><em>Eric Bouvron<\/em><\/strong><br><br>Avec <strong>Eric Allard-Jacquin, Franck Chenal, Rapha\u00ebl Maillet, Jonathan Malnoury, Sylvain Courteix ou Patrick Estibals (en alternance)<\/strong><br>Arrangements musicaux : Accordz\u00e9\u00e2m<br>Textes : Rapha\u00ebl Maillet <br>Concept : Rapha\u00ebl Maillet, Jonathan Malnoury, Nathana\u00ebl Malnoury<br>Cr\u00e9ation lumi\u00e8re : Edwin Garnier<br>Cr\u00e9ation costumes : Sarah Colas<br>R\u00e9gie : Edwin Garnier et Laurent-Pierre Bourquin.<\/p>\n\n\n\n<p class=\"has-small-font-size\">Production : Les Passionn\u00e9s du R\u00eave (Lic. R-2022-004894 &amp; 4895) et Accordz\u00e9\u00e2m<br>Diffusion : Les Passionn\u00e9s du R\u00eave<br>Soutiens : Le Centre national de la musique, l&rsquo;ADAMI, la MJC Th\u00e9\u00e2tre de Colombes, la Ville de Toussus-le-Noble et Bailly Art et Culture.<\/p>\n<\/div><\/div>\n\n\n\n<p><em>\u00a9<\/em> Pierre &amp; le Loup.<\/p>\n\n\n\n<p class=\"has-text-align-left\"><strong>Qui aurait pu croire que la vie d\u2019une truite puisse \u00eatre si passionnante ? <\/strong><br>En revisitant la m\u00e9lodie si c\u00e9l\u00e8bre de \u201cLa Truite\u201d de Schubert, les 5 musiciens du groupe Accordz\u00e9\u00e2m proposent avec fra\u00eecheur une cascade de styles musicaux.<br>La mise en sc\u00e8ne d\u2019\u00c9ric Bouvron nous plonge dans un torrent o\u00f9 l&rsquo;\u00e2me du classique rejoint l&rsquo;instinct du corps.<br>Une aventure initiatique qu\u2019on retient comme un hymne \u00e0 l\u2019espi\u00e8glerie et \u00e0 la tol\u00e9rance&#8230; un oc\u00e9an de bonnes ondes.<\/p>\n\n\n\n<figure class=\"wp-block-embed is-type-video is-provider-youtube wp-block-embed-youtube wp-embed-aspect-16-9 wp-has-aspect-ratio\"><div class=\"wp-block-embed__wrapper\">\n<iframe loading=\"lazy\" title=\"La Truite - Teaser 2023 Axe Sud\" width=\"500\" height=\"281\" src=\"https:\/\/www.youtube.com\/embed\/zYqc9wzmKPc?feature=oembed\" frameborder=\"0\" allow=\"accelerometer; autoplay; clipboard-write; encrypted-media; gyroscope; picture-in-picture; web-share\" referrerpolicy=\"strict-origin-when-cross-origin\" allowfullscreen><\/iframe>\n<\/div><\/figure>\n\n\n\n<p><\/p>\n\n\n\n<div class=\"wp-block-buttons alignwide is-content-justification-center is-layout-flex wp-container-core-buttons-is-layout-a89b3969 wp-block-buttons-is-layout-flex\">\n<div class=\"wp-block-button\"><a class=\"wp-block-button__link wp-element-button\" href=\"https:\/\/billetterie-le-petit-louvre.tickandlive.com\/evenement\/la-truite-1\" target=\"_blank\" rel=\"noreferrer noopener\">R\u00e9servez vos places<\/a><\/div>\n<\/div>\n\n\n\n<p class=\"has-small-font-size\"><strong>LA PRESSE EN PARLE<\/strong><\/p>\n\n\n\n<p><strong><strong>Le Canard encha\u00een\u00e9<\/strong><\/strong>&nbsp;\u2022 \u201cLe public nage dans le bonheur.\u201d<br><strong>T\u00e9l\u00e9rama TTT<\/strong> \u2022 \u00ab\u00a0Joyeux tr\u00e9molos, pizzicati coquins, chor\u00e9graphies ludiques et jeux de mots d\u00e9sopilants.\u201d<br><strong>Le Figaro \u2022<\/strong> \u00ab\u00a0Irr\u00e9sistible. Un vrai mets de qualit\u00e9.\u00a0\u00bb<br><strong>Paris Match \u2022<\/strong>\u00ab\u00a0fluidit\u00e9, finesse, dr\u00f4lerie. Mille \u00e9motions et r\u00eaveries.\u00a0\u00bb<br><strong>Radio Classique <strong>\u2022<\/strong><\/strong> \u00ab\u00a0D\u00e9licieux, gai, virtuose.\u201d<br><strong>L&rsquo;\u0152il d&rsquo;Olivier <strong><strong>\u2022<\/strong><\/strong> <\/strong>\u201c\u00c9norm\u00e9ment de talent et d\u2019humour.\u201d<br><strong>La Croix <strong><strong><strong>\u2022<\/strong><\/strong><\/strong> <\/strong>\u201cQuelle inventivit\u00e9 ! Spectacle insolite qui ravit l\u2019ou\u00efe, l\u2019\u0153il et le c\u0153ur.\u201d Perle du off Avignon 2022.<br><strong>La Provence <strong><strong><strong><strong>\u2022<\/strong><\/strong><\/strong><\/strong><\/strong> \u201cvirevoltante \u00e9pop\u00e9e musicale !\u201d<br><strong>La Terrasse <strong><strong><strong><strong><strong><strong><strong><strong><strong><strong>\u2022<\/strong><\/strong><\/strong><\/strong><\/strong> <\/strong><\/strong><\/strong><\/strong><\/strong><\/strong>\u201cUne esth\u00e9tique joyeuse et libertaire.\u201d<br><strong>Tatouvu<\/strong> <strong><strong><strong><strong><strong><strong>\u2022<\/strong><\/strong><\/strong><\/strong><\/strong><\/strong> \u00ab\u00a0Petit bijou. Jubilatoire et d\u00e9licieux.\u00a0\u00bb<br><strong>Les Trois coups <strong><strong><strong><strong><strong><strong>\u2022<\/strong><\/strong><\/strong><\/strong><\/strong><\/strong><\/strong> \u201cC&rsquo;est vraiment aux petits oignons.\u201d<br><strong>Webth\u00e9\u00e2tre <strong><strong><strong><strong><strong><strong><strong>\u2022<\/strong><\/strong><\/strong><\/strong><\/strong><\/strong><\/strong><\/strong> \u00ab\u00a0Un spectacle fac\u00e9tieux rondement men\u00e9.\u201d<br><strong>Coup2Th\u00e9\u00e2tre <strong><strong><strong><strong><strong><strong><strong><strong>\u2022<\/strong><\/strong><\/strong><\/strong><\/strong><\/strong><\/strong><\/strong><\/strong> \u00ab\u00a0Ing\u00e9niosit\u00e9, cr\u00e9ativit\u00e9, malice.\u00a0\u00bb<br><strong>Froggy&rsquo;s Delight <strong><strong><strong><strong><strong><strong><strong><strong><strong>\u2022<\/strong><\/strong><\/strong><\/strong><\/strong><\/strong><\/strong><\/strong><\/strong><\/strong> \u201cBeaucoup d&rsquo;invention et de virtuosit\u00e9.\u201d<br><strong>Annieallmusic<\/strong> <strong><strong><strong><strong><strong><strong><strong><strong><strong><strong><strong>\u2022<\/strong><\/strong><\/strong><\/strong><\/strong><\/strong><\/strong><\/strong><\/strong><\/strong> <\/strong>&nbsp;\u00ab\u00a0Une \u00e9clatante palette de sons et de couleurs.\u201d<br><strong>Regarts <strong><strong><strong><strong><strong><strong><strong><strong><strong><strong>\u2022<\/strong><\/strong><\/strong><\/strong><\/strong><\/strong><\/strong><\/strong><\/strong><\/strong><\/strong> \u00ab\u00a0Barr\u00e9s, \u00e9lectris\u00e9s, d\u00e9jant\u00e9s, d\u00e9cal\u00e9s.\u00a0\u00bb<br><strong>La Grande Parade<\/strong> <strong><strong><strong><strong><strong><strong><strong><strong><strong><strong><strong>\u2022<\/strong><\/strong><\/strong><\/strong><\/strong><\/strong><\/strong><\/strong><\/strong><\/strong><\/strong> \u201cH\u00e9t\u00e9roclite, alternative, vibrante, excentrique, m\u00e9lancolique, enjou\u00e9e.\u201d<br><strong>Papier \u00e0 Musique Quobuz. <strong><strong><strong><strong><strong><strong><strong><strong><strong><strong><strong>\u2022<\/strong><\/strong><\/strong><\/strong><\/strong><\/strong><\/strong><\/strong><\/strong><\/strong><\/strong> <\/strong>\u201cUn travail instrumental remarquable de diversit\u00e9 et de qualit\u00e9.\u201d<br><strong>Arts-chipels <strong><strong><strong><strong><strong><strong><strong><strong><strong><strong><strong>\u2022<\/strong><\/strong><\/strong><\/strong><\/strong><\/strong><\/strong><\/strong><\/strong><\/strong><\/strong> <\/strong>\u201cCinq excellents musiciens.\u201d<br><strong>Foud&rsquo;art <strong><strong><strong><strong><strong><strong><strong><strong><strong><strong><strong>\u2022<\/strong><\/strong><\/strong><\/strong><\/strong><\/strong><\/strong><\/strong><\/strong><\/strong><\/strong> <\/strong>\u201c\u00c9tonnant et charmant.\u201d<br><strong>Arts sc\u00e8ne Radio <strong><strong><strong><strong><strong><strong><strong><strong><strong><strong><strong>\u2022<\/strong><\/strong><\/strong><\/strong><\/strong><\/strong><\/strong><\/strong><\/strong><\/strong><\/strong> <\/strong>\u201cCasse les codes, fracasse les barri\u00e8res.\u201d<br><strong>FIP radio <strong><strong><strong><strong><strong><strong><strong><strong><strong><strong><strong>\u2022<\/strong><\/strong><\/strong><\/strong><\/strong><\/strong><\/strong><\/strong><\/strong><\/strong><\/strong> <\/strong>\u201cUn humour fou et une \u00e9nergie incroyable.\u201d<\/p>\n\n\n\n<figure class=\"wp-block-image aligncenter size-large is-resized\"><img loading=\"lazy\" decoding=\"async\" width=\"790\" height=\"510\" src=\"https:\/\/theatre-petit-louvre.fr\/avignon\/wp-content\/uploads\/2026\/03\/La-Truite-4-recadree-\u00a9Tmt.photo-1-790x510.jpg\" alt=\"\" class=\"wp-image-4740\" style=\"width:910px;height:auto\" srcset=\"https:\/\/theatre-petit-louvre.fr\/avignon\/wp-content\/uploads\/2026\/03\/La-Truite-4-recadree-\u00a9Tmt.photo-1-790x510.jpg 790w, https:\/\/theatre-petit-louvre.fr\/avignon\/wp-content\/uploads\/2026\/03\/La-Truite-4-recadree-\u00a9Tmt.photo-1-300x194.jpg 300w, https:\/\/theatre-petit-louvre.fr\/avignon\/wp-content\/uploads\/2026\/03\/La-Truite-4-recadree-\u00a9Tmt.photo-1-150x97.jpg 150w, https:\/\/theatre-petit-louvre.fr\/avignon\/wp-content\/uploads\/2026\/03\/La-Truite-4-recadree-\u00a9Tmt.photo-1-768x496.jpg 768w, https:\/\/theatre-petit-louvre.fr\/avignon\/wp-content\/uploads\/2026\/03\/La-Truite-4-recadree-\u00a9Tmt.photo-1.jpg 929w\" sizes=\"auto, (max-width: 790px) 100vw, 790px\" \/><figcaption class=\"wp-element-caption\">\u00a9Tmt.photo<\/figcaption><\/figure>\n","protected":false},"excerpt":{"rendered":"<p>LA TRUITE SPECTACLE MUSICAL 21h10 &#8211; CHAPELLE DES TEMPLIERS du 4 au 25 juillet 2026 . Rel\u00e2che le jeudi (9, 16 et 23 juillet)Dur\u00e9e 1h15 &#8211; A partir de 7 ans &#8211; Tarifs A 26\/18\/12 euros. Par Accordz\u00e9\u00e2mMise en sc\u00e8ne d&lsquo;Eric Bouvron Avec Eric Allard-Jacquin, Franck Chenal, Rapha\u00ebl Maillet, Jonathan Malnoury, Sylvain Courteix ou Patrick [&hellip;]<\/p>\n","protected":false},"author":3,"featured_media":0,"parent":0,"menu_order":0,"comment_status":"closed","ping_status":"closed","template":"","meta":{"_uag_custom_page_level_css":"","site-sidebar-layout":"default","site-content-layout":"","ast-site-content-layout":"default","site-content-style":"default","site-sidebar-style":"default","ast-global-header-display":"","ast-banner-title-visibility":"","ast-main-header-display":"","ast-hfb-above-header-display":"","ast-hfb-below-header-display":"","ast-hfb-mobile-header-display":"","site-post-title":"disabled","ast-breadcrumbs-content":"","ast-featured-img":"","footer-sml-layout":"","ast-disable-related-posts":"","theme-transparent-header-meta":"","adv-header-id-meta":"","stick-header-meta":"","header-above-stick-meta":"","header-main-stick-meta":"","header-below-stick-meta":"","astra-migrate-meta-layouts":"set","ast-page-background-enabled":"default","ast-page-background-meta":{"desktop":{"background-color":"var(--ast-global-color-4)","background-image":"","background-repeat":"repeat","background-position":"center center","background-size":"auto","background-attachment":"scroll","background-type":"","background-media":"","overlay-type":"","overlay-color":"","overlay-gradient":""},"tablet":{"background-color":"","background-image":"","background-repeat":"repeat","background-position":"center center","background-size":"auto","background-attachment":"scroll","background-type":"","background-media":"","overlay-type":"","overlay-color":"","overlay-gradient":""},"mobile":{"background-color":"","background-image":"","background-repeat":"repeat","background-position":"center center","background-size":"auto","background-attachment":"scroll","background-type":"","background-media":"","overlay-type":"","overlay-color":"","overlay-gradient":""}},"ast-content-background-meta":{"desktop":{"background-color":"var(--ast-global-color-5)","background-image":"","background-repeat":"repeat","background-position":"center center","background-size":"auto","background-attachment":"scroll","background-type":"","background-media":"","overlay-type":"","overlay-color":"","overlay-gradient":""},"tablet":{"background-color":"var(--ast-global-color-5)","background-image":"","background-repeat":"repeat","background-position":"center center","background-size":"auto","background-attachment":"scroll","background-type":"","background-media":"","overlay-type":"","overlay-color":"","overlay-gradient":""},"mobile":{"background-color":"var(--ast-global-color-5)","background-image":"","background-repeat":"repeat","background-position":"center center","background-size":"auto","background-attachment":"scroll","background-type":"","background-media":"","overlay-type":"","overlay-color":"","overlay-gradient":""}},"footnotes":"","_links_to":"","_links_to_target":""},"categories":[],"tags":[],"class_list":["post-4738","page","type-page","status-publish","hentry"],"yoast_head":"<!-- This site is optimized with the Yoast SEO plugin v27.5 - https:\/\/yoast.com\/product\/yoast-seo-wordpress\/ -->\n<title>PL26 - LA TRUITE - Le Petit Louvre<\/title>\n<meta name=\"description\" content=\"Chaque \u00e9t\u00e9, un th\u00e9\u00e2tre au c\u0153ur d&#039;Avignon, Festival off : des textes, des auteurs, des autrices, des acteurs, des actrices. Deux salles climatis\u00e9es, 15 spectacles, un bar-restaurant.\" \/>\n<meta name=\"robots\" content=\"index, follow, max-snippet:-1, max-image-preview:large, max-video-preview:-1\" \/>\n<link rel=\"canonical\" href=\"https:\/\/theatre-petit-louvre.fr\/avignon\/pl26-la-truite\/\" \/>\n<meta property=\"og:locale\" content=\"fr_FR\" \/>\n<meta property=\"og:type\" content=\"article\" \/>\n<meta property=\"og:title\" content=\"PL26 - LA TRUITE - Le Petit Louvre\" \/>\n<meta property=\"og:description\" content=\"Chaque \u00e9t\u00e9, un th\u00e9\u00e2tre au c\u0153ur d&#039;Avignon, Festival off : des textes, des auteurs, des autrices, des acteurs, des actrices. Deux salles climatis\u00e9es, 15 spectacles, un bar-restaurant.\" \/>\n<meta property=\"og:url\" content=\"https:\/\/theatre-petit-louvre.fr\/avignon\/pl26-la-truite\/\" \/>\n<meta property=\"og:site_name\" content=\"Le Petit Louvre\" \/>\n<meta property=\"article:modified_time\" content=\"2026-04-20T11:43:21+00:00\" \/>\n<meta property=\"og:image\" content=\"https:\/\/theatre-petit-louvre.fr\/avignon\/wp-content\/uploads\/2026\/03\/CHAP-7-La-truite.jpg\" \/>\n\t<meta property=\"og:image:width\" content=\"400\" \/>\n\t<meta property=\"og:image:height\" content=\"600\" \/>\n\t<meta property=\"og:image:type\" content=\"image\/jpeg\" \/>\n<meta name=\"twitter:label1\" content=\"Dur\u00e9e de lecture estim\u00e9e\" \/>\n\t<meta name=\"twitter:data1\" content=\"2 minutes\" \/>\n<script type=\"application\/ld+json\" class=\"yoast-schema-graph\">{\"@context\":\"https:\\\/\\\/schema.org\",\"@graph\":[{\"@type\":\"WebPage\",\"@id\":\"https:\\\/\\\/theatre-petit-louvre.fr\\\/avignon\\\/pl26-la-truite\\\/\",\"url\":\"https:\\\/\\\/theatre-petit-louvre.fr\\\/avignon\\\/pl26-la-truite\\\/\",\"name\":\"PL26 - LA TRUITE - Le Petit Louvre\",\"isPartOf\":{\"@id\":\"https:\\\/\\\/theatre-petit-louvre.fr\\\/avignon\\\/#website\"},\"primaryImageOfPage\":{\"@id\":\"https:\\\/\\\/theatre-petit-louvre.fr\\\/avignon\\\/pl26-la-truite\\\/#primaryimage\"},\"image\":{\"@id\":\"https:\\\/\\\/theatre-petit-louvre.fr\\\/avignon\\\/pl26-la-truite\\\/#primaryimage\"},\"thumbnailUrl\":\"https:\\\/\\\/theatre-petit-louvre.fr\\\/avignon\\\/wp-content\\\/uploads\\\/2026\\\/03\\\/CHAP-7-La-truite-340x510.jpg\",\"datePublished\":\"2026-03-16T18:17:33+00:00\",\"dateModified\":\"2026-04-20T11:43:21+00:00\",\"description\":\"Chaque \u00e9t\u00e9, un th\u00e9\u00e2tre au c\u0153ur d'Avignon, Festival off : des textes, des auteurs, des autrices, des acteurs, des actrices. Deux salles climatis\u00e9es, 15 spectacles, un bar-restaurant.\",\"breadcrumb\":{\"@id\":\"https:\\\/\\\/theatre-petit-louvre.fr\\\/avignon\\\/pl26-la-truite\\\/#breadcrumb\"},\"inLanguage\":\"fr-FR\",\"potentialAction\":[{\"@type\":\"ReadAction\",\"target\":[\"https:\\\/\\\/theatre-petit-louvre.fr\\\/avignon\\\/pl26-la-truite\\\/\"]}]},{\"@type\":\"ImageObject\",\"inLanguage\":\"fr-FR\",\"@id\":\"https:\\\/\\\/theatre-petit-louvre.fr\\\/avignon\\\/pl26-la-truite\\\/#primaryimage\",\"url\":\"https:\\\/\\\/theatre-petit-louvre.fr\\\/avignon\\\/wp-content\\\/uploads\\\/2026\\\/03\\\/CHAP-7-La-truite.jpg\",\"contentUrl\":\"https:\\\/\\\/theatre-petit-louvre.fr\\\/avignon\\\/wp-content\\\/uploads\\\/2026\\\/03\\\/CHAP-7-La-truite.jpg\",\"width\":400,\"height\":600,\"caption\":\"\u00a9 Pierre & le Loup.\"},{\"@type\":\"BreadcrumbList\",\"@id\":\"https:\\\/\\\/theatre-petit-louvre.fr\\\/avignon\\\/pl26-la-truite\\\/#breadcrumb\",\"itemListElement\":[{\"@type\":\"ListItem\",\"position\":1,\"name\":\"Home\",\"item\":\"https:\\\/\\\/theatre-petit-louvre.fr\\\/avignon\\\/\"},{\"@type\":\"ListItem\",\"position\":2,\"name\":\"PL26 &#8211; LA TRUITE\"}]},{\"@type\":\"WebSite\",\"@id\":\"https:\\\/\\\/theatre-petit-louvre.fr\\\/avignon\\\/#website\",\"url\":\"https:\\\/\\\/theatre-petit-louvre.fr\\\/avignon\\\/\",\"name\":\"Le Petit Louvre\",\"description\":\"un th\u00e9\u00e2tre au c\u0153ur d&#039;Avignon | Festival off\",\"publisher\":{\"@id\":\"https:\\\/\\\/theatre-petit-louvre.fr\\\/avignon\\\/#organization\"},\"potentialAction\":[{\"@type\":\"SearchAction\",\"target\":{\"@type\":\"EntryPoint\",\"urlTemplate\":\"https:\\\/\\\/theatre-petit-louvre.fr\\\/avignon\\\/?s={search_term_string}\"},\"query-input\":{\"@type\":\"PropertyValueSpecification\",\"valueRequired\":true,\"valueName\":\"search_term_string\"}}],\"inLanguage\":\"fr-FR\"},{\"@type\":\"Organization\",\"@id\":\"https:\\\/\\\/theatre-petit-louvre.fr\\\/avignon\\\/#organization\",\"name\":\"Th\u00e9\u00e2tre Le Petit Louvre\",\"url\":\"https:\\\/\\\/theatre-petit-louvre.fr\\\/avignon\\\/\",\"logo\":{\"@type\":\"ImageObject\",\"inLanguage\":\"fr-FR\",\"@id\":\"https:\\\/\\\/theatre-petit-louvre.fr\\\/avignon\\\/#\\\/schema\\\/logo\\\/image\\\/\",\"url\":\"https:\\\/\\\/theatre-petit-louvre.fr\\\/avignon\\\/wp-content\\\/uploads\\\/2022\\\/05\\\/logo_petit-louvre_2008_RVB.png\",\"contentUrl\":\"https:\\\/\\\/theatre-petit-louvre.fr\\\/avignon\\\/wp-content\\\/uploads\\\/2022\\\/05\\\/logo_petit-louvre_2008_RVB.png\",\"width\":374,\"height\":800,\"caption\":\"Th\u00e9\u00e2tre Le Petit Louvre\"},\"image\":{\"@id\":\"https:\\\/\\\/theatre-petit-louvre.fr\\\/avignon\\\/#\\\/schema\\\/logo\\\/image\\\/\"}}]}<\/script>\n<!-- \/ Yoast SEO plugin. -->","yoast_head_json":{"title":"PL26 - LA TRUITE - Le Petit Louvre","description":"Chaque \u00e9t\u00e9, un th\u00e9\u00e2tre au c\u0153ur d'Avignon, Festival off : des textes, des auteurs, des autrices, des acteurs, des actrices. Deux salles climatis\u00e9es, 15 spectacles, un bar-restaurant.","robots":{"index":"index","follow":"follow","max-snippet":"max-snippet:-1","max-image-preview":"max-image-preview:large","max-video-preview":"max-video-preview:-1"},"canonical":"https:\/\/theatre-petit-louvre.fr\/avignon\/pl26-la-truite\/","og_locale":"fr_FR","og_type":"article","og_title":"PL26 - LA TRUITE - Le Petit Louvre","og_description":"Chaque \u00e9t\u00e9, un th\u00e9\u00e2tre au c\u0153ur d'Avignon, Festival off : des textes, des auteurs, des autrices, des acteurs, des actrices. Deux salles climatis\u00e9es, 15 spectacles, un bar-restaurant.","og_url":"https:\/\/theatre-petit-louvre.fr\/avignon\/pl26-la-truite\/","og_site_name":"Le Petit Louvre","article_modified_time":"2026-04-20T11:43:21+00:00","og_image":[{"width":400,"height":600,"url":"https:\/\/theatre-petit-louvre.fr\/avignon\/wp-content\/uploads\/2026\/03\/CHAP-7-La-truite.jpg","type":"image\/jpeg"}],"twitter_misc":{"Dur\u00e9e de lecture estim\u00e9e":"2 minutes"},"schema":{"@context":"https:\/\/schema.org","@graph":[{"@type":"WebPage","@id":"https:\/\/theatre-petit-louvre.fr\/avignon\/pl26-la-truite\/","url":"https:\/\/theatre-petit-louvre.fr\/avignon\/pl26-la-truite\/","name":"PL26 - LA TRUITE - Le Petit Louvre","isPartOf":{"@id":"https:\/\/theatre-petit-louvre.fr\/avignon\/#website"},"primaryImageOfPage":{"@id":"https:\/\/theatre-petit-louvre.fr\/avignon\/pl26-la-truite\/#primaryimage"},"image":{"@id":"https:\/\/theatre-petit-louvre.fr\/avignon\/pl26-la-truite\/#primaryimage"},"thumbnailUrl":"https:\/\/theatre-petit-louvre.fr\/avignon\/wp-content\/uploads\/2026\/03\/CHAP-7-La-truite-340x510.jpg","datePublished":"2026-03-16T18:17:33+00:00","dateModified":"2026-04-20T11:43:21+00:00","description":"Chaque \u00e9t\u00e9, un th\u00e9\u00e2tre au c\u0153ur d'Avignon, Festival off : des textes, des auteurs, des autrices, des acteurs, des actrices. Deux salles climatis\u00e9es, 15 spectacles, un bar-restaurant.","breadcrumb":{"@id":"https:\/\/theatre-petit-louvre.fr\/avignon\/pl26-la-truite\/#breadcrumb"},"inLanguage":"fr-FR","potentialAction":[{"@type":"ReadAction","target":["https:\/\/theatre-petit-louvre.fr\/avignon\/pl26-la-truite\/"]}]},{"@type":"ImageObject","inLanguage":"fr-FR","@id":"https:\/\/theatre-petit-louvre.fr\/avignon\/pl26-la-truite\/#primaryimage","url":"https:\/\/theatre-petit-louvre.fr\/avignon\/wp-content\/uploads\/2026\/03\/CHAP-7-La-truite.jpg","contentUrl":"https:\/\/theatre-petit-louvre.fr\/avignon\/wp-content\/uploads\/2026\/03\/CHAP-7-La-truite.jpg","width":400,"height":600,"caption":"\u00a9 Pierre & le Loup."},{"@type":"BreadcrumbList","@id":"https:\/\/theatre-petit-louvre.fr\/avignon\/pl26-la-truite\/#breadcrumb","itemListElement":[{"@type":"ListItem","position":1,"name":"Home","item":"https:\/\/theatre-petit-louvre.fr\/avignon\/"},{"@type":"ListItem","position":2,"name":"PL26 &#8211; LA TRUITE"}]},{"@type":"WebSite","@id":"https:\/\/theatre-petit-louvre.fr\/avignon\/#website","url":"https:\/\/theatre-petit-louvre.fr\/avignon\/","name":"Le Petit Louvre","description":"un th\u00e9\u00e2tre au c\u0153ur d&#039;Avignon | Festival off","publisher":{"@id":"https:\/\/theatre-petit-louvre.fr\/avignon\/#organization"},"potentialAction":[{"@type":"SearchAction","target":{"@type":"EntryPoint","urlTemplate":"https:\/\/theatre-petit-louvre.fr\/avignon\/?s={search_term_string}"},"query-input":{"@type":"PropertyValueSpecification","valueRequired":true,"valueName":"search_term_string"}}],"inLanguage":"fr-FR"},{"@type":"Organization","@id":"https:\/\/theatre-petit-louvre.fr\/avignon\/#organization","name":"Th\u00e9\u00e2tre Le Petit Louvre","url":"https:\/\/theatre-petit-louvre.fr\/avignon\/","logo":{"@type":"ImageObject","inLanguage":"fr-FR","@id":"https:\/\/theatre-petit-louvre.fr\/avignon\/#\/schema\/logo\/image\/","url":"https:\/\/theatre-petit-louvre.fr\/avignon\/wp-content\/uploads\/2022\/05\/logo_petit-louvre_2008_RVB.png","contentUrl":"https:\/\/theatre-petit-louvre.fr\/avignon\/wp-content\/uploads\/2022\/05\/logo_petit-louvre_2008_RVB.png","width":374,"height":800,"caption":"Th\u00e9\u00e2tre Le Petit Louvre"},"image":{"@id":"https:\/\/theatre-petit-louvre.fr\/avignon\/#\/schema\/logo\/image\/"}}]}},"uagb_featured_image_src":{"full":false,"thumbnail":false,"medium":false,"medium_large":false,"large":false,"1536x1536":false,"2048x2048":false},"uagb_author_info":{"display_name":"Jocelyne","author_link":"https:\/\/theatre-petit-louvre.fr\/avignon\/author\/jocelyne\/"},"uagb_comment_info":0,"uagb_excerpt":"LA TRUITE SPECTACLE MUSICAL 21h10 &#8211; CHAPELLE DES TEMPLIERS du 4 au 25 juillet 2026 . Rel\u00e2che le jeudi (9, 16 et 23 juillet)Dur\u00e9e 1h15 &#8211; A partir de 7 ans &#8211; Tarifs A 26\/18\/12 euros. Par Accordz\u00e9\u00e2mMise en sc\u00e8ne d&lsquo;Eric Bouvron Avec Eric Allard-Jacquin, Franck Chenal, Rapha\u00ebl Maillet, Jonathan Malnoury, Sylvain Courteix ou Patrick\u2026","_links":{"self":[{"href":"https:\/\/theatre-petit-louvre.fr\/avignon\/wp-json\/wp\/v2\/pages\/4738","targetHints":{"allow":["GET"]}}],"collection":[{"href":"https:\/\/theatre-petit-louvre.fr\/avignon\/wp-json\/wp\/v2\/pages"}],"about":[{"href":"https:\/\/theatre-petit-louvre.fr\/avignon\/wp-json\/wp\/v2\/types\/page"}],"author":[{"embeddable":true,"href":"https:\/\/theatre-petit-louvre.fr\/avignon\/wp-json\/wp\/v2\/users\/3"}],"replies":[{"embeddable":true,"href":"https:\/\/theatre-petit-louvre.fr\/avignon\/wp-json\/wp\/v2\/comments?post=4738"}],"version-history":[{"count":46,"href":"https:\/\/theatre-petit-louvre.fr\/avignon\/wp-json\/wp\/v2\/pages\/4738\/revisions"}],"predecessor-version":[{"id":5317,"href":"https:\/\/theatre-petit-louvre.fr\/avignon\/wp-json\/wp\/v2\/pages\/4738\/revisions\/5317"}],"wp:attachment":[{"href":"https:\/\/theatre-petit-louvre.fr\/avignon\/wp-json\/wp\/v2\/media?parent=4738"}],"wp:term":[{"taxonomy":"category","embeddable":true,"href":"https:\/\/theatre-petit-louvre.fr\/avignon\/wp-json\/wp\/v2\/categories?post=4738"},{"taxonomy":"post_tag","embeddable":true,"href":"https:\/\/theatre-petit-louvre.fr\/avignon\/wp-json\/wp\/v2\/tags?post=4738"}],"curies":[{"name":"wp","href":"https:\/\/api.w.org\/{rel}","templated":true}]}}