{"id":80,"date":"2013-05-18T10:35:30","date_gmt":"2013-05-18T09:35:30","guid":{"rendered":"http:\/\/theatrelepetitlouvre.com\/avignon\/?page_id=80"},"modified":"2014-02-12T16:39:21","modified_gmt":"2014-02-12T15:39:21","slug":"le-tigre-bleu-de-leuphrate","status":"publish","type":"page","link":"https:\/\/theatre-petit-louvre.fr\/avignon\/archives\/2013-2\/le-tigre-bleu-de-leuphrate\/","title":{"rendered":"Le Tigre bleu de l&rsquo;Euphrate"},"content":{"rendered":"<p><strong>Les derniers jours d\u2019Alexandre le Grand<\/strong><\/p>\n<p>De <strong>Laurent Gaud\u00e9.\u00a0<\/strong>Mise en sc\u00e8ne, sc\u00e9nographie,\u00a0<strong>\u00a0Gilles Chavassieux<\/strong><\/p>\n<p><em id=\"__mceDel\">\u00a0<a href=\"http:\/\/theatrelepetitlouvre.com\/avignon\/wp-content\/uploads\/2013\/05\/tigre-bleu-de-l-euphrate.jpg\" rel=\"lightbox[80]\"><img loading=\"lazy\" decoding=\"async\" class=\"alignnone size-full wp-image-321\" alt=\"tigre-bleu-de-l-euphrate\" src=\"http:\/\/theatrelepetitlouvre.com\/avignon\/wp-content\/uploads\/2013\/05\/tigre-bleu-de-l-euphrate.jpg\" width=\"509\" height=\"269\" srcset=\"https:\/\/theatre-petit-louvre.fr\/avignon\/wp-content\/uploads\/2013\/05\/tigre-bleu-de-l-euphrate.jpg 509w, https:\/\/theatre-petit-louvre.fr\/avignon\/wp-content\/uploads\/2013\/05\/tigre-bleu-de-l-euphrate-300x158.jpg 300w, https:\/\/theatre-petit-louvre.fr\/avignon\/wp-content\/uploads\/2013\/05\/tigre-bleu-de-l-euphrate-250x132.jpg 250w\" sizes=\"auto, (max-width: 509px) 100vw, 509px\" \/><\/a><\/em><\/p>\n<p><em><strong>Laurent Gaud\u00e9 retrace l\u2019\u00e9pop\u00e9e\u00a0du plus grand conqu\u00e9rant\u00a0de l\u2019histoire, Alexandre le\u00a0Grand qui, parti de Gr\u00e8ce,\u00a0arriva jusqu\u2019en Inde. Une\u00a0aventure \u00e0 travers laquelle\u00a0nous guident un com\u00e9dien\u00a0et une percussionniste\u00a0venue de cette Asie\u00a0qui a toujours fascin\u00e9 \u00a0Alexandre le Grand.<\/strong><\/em><\/p>\n<p>Terrass\u00e9 par la fi\u00e8vre,\u00a0Alexandre le Grand, le\u00a0conqu\u00e9rant qui \u00ab arpenta la\u00a0terre \u00bb et repoussa \u00a0jusqu\u2019en\u00a0Asie les fronti\u00e8res de son\u00a0Empire, va mourir. Mourant,\u00a0mais certain de sa gloire et<br \/>\nde son immortalit\u00e9, refusant\u00a0\u00ab d\u2019\u00eatre jug\u00e9 \u00e0 l\u2019aune\u00a0d\u2019une balance commune \u00bb, il\u00a0entend parler d\u2019\u00e9gal \u00e0 \u00e9gal\u00a0avec la mort et la convoque \u00e0\u00a0son chevet. Pour elle, et pour\u00a0les revivre une ultime fois, il\u00a0raconte toutes les ivresses\u00a0de sa fabuleuse \u00e9pop\u00e9e, le\u00a0choc des fers et des corps, le\u00a0sang, le cuir et la sueur m\u00eal\u00e9s\u00a0des batailles, sa victoire sur\u00a0Darius, la prise de Babylone\u00a0et celle de \u00a0Samarkand, sa\u00a0course vers un Est convoit\u00e9,\u00a0son inextinguible soif de\u00a0conqu\u00eate qui n\u2019\u00e9tait que sa<br \/>\nsoif de vivre. \u00c0 l\u2019instant de\u00a0mourir, son seul regret est de\u00a0n\u2019avoir pas suivi plus loin les\u00a0traces du Tigre bleu sur ces\u00a0terres infinies.\u00a0Pour mieux nous faire\u00a0entendre ce texte superbe\u00a0qui s\u2019habille d\u2019histoire\u00a0antique pour nous parler\u00a0d\u2019absolu, Gilles Chavassieux\u00a0qui le met en sc\u00e8ne a choisi\u00a0l\u2019\u00e9pure et la sobri\u00e9t\u00e9 et s\u2019en\u00a0remet \u00e0 la force de l\u2019interpr\u00e9tation\u00a0du com\u00e9dien, qui\u00a0parfois feuillette un livre\u00a0comme pour relier la nuit\u00a0des temps au pr\u00e9sent. Passeur\u00a0subtil, Yannick Laurent\u00a0est accompagn\u00e9 en sc\u00e8ne\u00a0par la taiwanaise, Yi-Ping\u00a0Yang dont les percussions\u00a0ponctuent l\u2019\u00e9pop\u00e9e, sugg\u00e8rent\u00a0les paysages travers\u00e9s,\u00a0\u00e9voquent de fa\u00e7on saisissante\u00a0les combats. Un duo\u00a0magique qui nous entra\u00eene\u00a0au coeur d\u2019une passionnante\u00a0aventure humaine.<\/p>\n","protected":false},"excerpt":{"rendered":"<p>Les derniers jours d\u2019Alexandre le Grand De Laurent Gaud\u00e9.\u00a0Mise en sc\u00e8ne, sc\u00e9nographie,\u00a0\u00a0Gilles Chavassieux \u00a0 Laurent Gaud\u00e9 retrace l\u2019\u00e9pop\u00e9e\u00a0du plus grand conqu\u00e9rant\u00a0de l\u2019histoire, Alexandre le\u00a0Grand qui, parti de Gr\u00e8ce,\u00a0arriva jusqu\u2019en Inde. Une\u00a0aventure \u00e0 travers laquelle\u00a0nous guident un com\u00e9dien\u00a0et une percussionniste\u00a0venue de cette Asie\u00a0qui a toujours fascin\u00e9 \u00a0Alexandre le Grand. Terrass\u00e9 par la fi\u00e8vre,\u00a0Alexandre le Grand, le\u00a0conqu\u00e9rant [&hellip;]<\/p>\n","protected":false},"author":1,"featured_media":0,"parent":548,"menu_order":14,"comment_status":"open","ping_status":"closed","template":"","meta":{"_uag_custom_page_level_css":"","site-sidebar-layout":"default","site-content-layout":"","ast-site-content-layout":"default","site-content-style":"default","site-sidebar-style":"default","ast-global-header-display":"","ast-banner-title-visibility":"","ast-main-header-display":"","ast-hfb-above-header-display":"","ast-hfb-below-header-display":"","ast-hfb-mobile-header-display":"","site-post-title":"","ast-breadcrumbs-content":"","ast-featured-img":"","footer-sml-layout":"","ast-disable-related-posts":"","theme-transparent-header-meta":"","adv-header-id-meta":"","stick-header-meta":"","header-above-stick-meta":"","header-main-stick-meta":"","header-below-stick-meta":"","astra-migrate-meta-layouts":"default","ast-page-background-enabled":"default","ast-page-background-meta":{"desktop":{"background-color":"var(--ast-global-color-4)","background-image":"","background-repeat":"repeat","background-position":"center center","background-size":"auto","background-attachment":"scroll","background-type":"","background-media":"","overlay-type":"","overlay-color":"","overlay-opacity":"","overlay-gradient":""},"tablet":{"background-color":"","background-image":"","background-repeat":"repeat","background-position":"center center","background-size":"auto","background-attachment":"scroll","background-type":"","background-media":"","overlay-type":"","overlay-color":"","overlay-opacity":"","overlay-gradient":""},"mobile":{"background-color":"","background-image":"","background-repeat":"repeat","background-position":"center center","background-size":"auto","background-attachment":"scroll","background-type":"","background-media":"","overlay-type":"","overlay-color":"","overlay-opacity":"","overlay-gradient":""}},"ast-content-background-meta":{"desktop":{"background-color":"var(--ast-global-color-5)","background-image":"","background-repeat":"repeat","background-position":"center center","background-size":"auto","background-attachment":"scroll","background-type":"","background-media":"","overlay-type":"","overlay-color":"","overlay-opacity":"","overlay-gradient":""},"tablet":{"background-color":"var(--ast-global-color-5)","background-image":"","background-repeat":"repeat","background-position":"center center","background-size":"auto","background-attachment":"scroll","background-type":"","background-media":"","overlay-type":"","overlay-color":"","overlay-opacity":"","overlay-gradient":""},"mobile":{"background-color":"var(--ast-global-color-5)","background-image":"","background-repeat":"repeat","background-position":"center center","background-size":"auto","background-attachment":"scroll","background-type":"","background-media":"","overlay-type":"","overlay-color":"","overlay-opacity":"","overlay-gradient":""}},"footnotes":"","_links_to":"","_links_to_target":""},"categories":[],"tags":[],"class_list":["post-80","page","type-page","status-publish","hentry"],"yoast_head":"<!-- This site is optimized with the Yoast SEO plugin v27.5 - https:\/\/yoast.com\/product\/yoast-seo-wordpress\/ -->\n<title>Le Tigre bleu de l&#039;Euphrate - Le Petit Louvre<\/title>\n<meta name=\"description\" content=\"Chaque \u00e9t\u00e9, un th\u00e9\u00e2tre au c\u0153ur d&#039;Avignon, Festival off : des textes, des auteurs, des autrices, des acteurs, des actrices. Deux salles climatis\u00e9es, 15 spectacles, un bar-restaurant.\" \/>\n<meta name=\"robots\" content=\"index, follow, max-snippet:-1, max-image-preview:large, max-video-preview:-1\" \/>\n<link rel=\"canonical\" href=\"https:\/\/theatre-petit-louvre.fr\/avignon\/archives\/2013-2\/le-tigre-bleu-de-leuphrate\/\" \/>\n<meta property=\"og:locale\" content=\"fr_FR\" \/>\n<meta property=\"og:type\" content=\"article\" \/>\n<meta property=\"og:title\" content=\"Le Tigre bleu de l&#039;Euphrate - Le Petit Louvre\" \/>\n<meta property=\"og:description\" content=\"Chaque \u00e9t\u00e9, un th\u00e9\u00e2tre au c\u0153ur d&#039;Avignon, Festival off : des textes, des auteurs, des autrices, des acteurs, des actrices. Deux salles climatis\u00e9es, 15 spectacles, un bar-restaurant.\" \/>\n<meta property=\"og:url\" content=\"https:\/\/theatre-petit-louvre.fr\/avignon\/archives\/2013-2\/le-tigre-bleu-de-leuphrate\/\" \/>\n<meta property=\"og:site_name\" content=\"Le Petit Louvre\" \/>\n<meta property=\"article:modified_time\" content=\"2014-02-12T15:39:21+00:00\" \/>\n<meta property=\"og:image\" content=\"http:\/\/theatrelepetitlouvre.com\/avignon\/wp-content\/uploads\/2013\/05\/tigre-bleu-de-l-euphrate.jpg\" \/>\n<meta name=\"twitter:label1\" content=\"Dur\u00e9e de lecture estim\u00e9e\" \/>\n\t<meta name=\"twitter:data1\" content=\"2 minutes\" \/>\n<script type=\"application\/ld+json\" class=\"yoast-schema-graph\">{\"@context\":\"https:\\\/\\\/schema.org\",\"@graph\":[{\"@type\":\"WebPage\",\"@id\":\"https:\\\/\\\/theatre-petit-louvre.fr\\\/avignon\\\/archives\\\/2013-2\\\/le-tigre-bleu-de-leuphrate\\\/\",\"url\":\"https:\\\/\\\/theatre-petit-louvre.fr\\\/avignon\\\/archives\\\/2013-2\\\/le-tigre-bleu-de-leuphrate\\\/\",\"name\":\"Le Tigre bleu de l'Euphrate - Le Petit Louvre\",\"isPartOf\":{\"@id\":\"https:\\\/\\\/theatre-petit-louvre.fr\\\/avignon\\\/#website\"},\"primaryImageOfPage\":{\"@id\":\"https:\\\/\\\/theatre-petit-louvre.fr\\\/avignon\\\/archives\\\/2013-2\\\/le-tigre-bleu-de-leuphrate\\\/#primaryimage\"},\"image\":{\"@id\":\"https:\\\/\\\/theatre-petit-louvre.fr\\\/avignon\\\/archives\\\/2013-2\\\/le-tigre-bleu-de-leuphrate\\\/#primaryimage\"},\"thumbnailUrl\":\"http:\\\/\\\/theatrelepetitlouvre.com\\\/avignon\\\/wp-content\\\/uploads\\\/2013\\\/05\\\/tigre-bleu-de-l-euphrate.jpg\",\"datePublished\":\"2013-05-18T09:35:30+00:00\",\"dateModified\":\"2014-02-12T15:39:21+00:00\",\"description\":\"Chaque \u00e9t\u00e9, un th\u00e9\u00e2tre au c\u0153ur d'Avignon, Festival off : des textes, des auteurs, des autrices, des acteurs, des actrices. Deux salles climatis\u00e9es, 15 spectacles, un bar-restaurant.\",\"breadcrumb\":{\"@id\":\"https:\\\/\\\/theatre-petit-louvre.fr\\\/avignon\\\/archives\\\/2013-2\\\/le-tigre-bleu-de-leuphrate\\\/#breadcrumb\"},\"inLanguage\":\"fr-FR\",\"potentialAction\":[{\"@type\":\"ReadAction\",\"target\":[\"https:\\\/\\\/theatre-petit-louvre.fr\\\/avignon\\\/archives\\\/2013-2\\\/le-tigre-bleu-de-leuphrate\\\/\"]}]},{\"@type\":\"ImageObject\",\"inLanguage\":\"fr-FR\",\"@id\":\"https:\\\/\\\/theatre-petit-louvre.fr\\\/avignon\\\/archives\\\/2013-2\\\/le-tigre-bleu-de-leuphrate\\\/#primaryimage\",\"url\":\"http:\\\/\\\/theatrelepetitlouvre.com\\\/avignon\\\/wp-content\\\/uploads\\\/2013\\\/05\\\/tigre-bleu-de-l-euphrate.jpg\",\"contentUrl\":\"http:\\\/\\\/theatrelepetitlouvre.com\\\/avignon\\\/wp-content\\\/uploads\\\/2013\\\/05\\\/tigre-bleu-de-l-euphrate.jpg\"},{\"@type\":\"BreadcrumbList\",\"@id\":\"https:\\\/\\\/theatre-petit-louvre.fr\\\/avignon\\\/archives\\\/2013-2\\\/le-tigre-bleu-de-leuphrate\\\/#breadcrumb\",\"itemListElement\":[{\"@type\":\"ListItem\",\"position\":1,\"name\":\"Home\",\"item\":\"https:\\\/\\\/theatre-petit-louvre.fr\\\/avignon\\\/\"},{\"@type\":\"ListItem\",\"position\":2,\"name\":\"Archives\",\"item\":\"https:\\\/\\\/theatre-petit-louvre.fr\\\/avignon\\\/archives\\\/\"},{\"@type\":\"ListItem\",\"position\":3,\"name\":\"2013\",\"item\":\"https:\\\/\\\/theatre-petit-louvre.fr\\\/avignon\\\/archives\\\/2013-2\\\/\"},{\"@type\":\"ListItem\",\"position\":4,\"name\":\"Le Tigre bleu de l&rsquo;Euphrate\"}]},{\"@type\":\"WebSite\",\"@id\":\"https:\\\/\\\/theatre-petit-louvre.fr\\\/avignon\\\/#website\",\"url\":\"https:\\\/\\\/theatre-petit-louvre.fr\\\/avignon\\\/\",\"name\":\"Le Petit Louvre\",\"description\":\"un th\u00e9\u00e2tre au c\u0153ur d&#039;Avignon | Festival off\",\"publisher\":{\"@id\":\"https:\\\/\\\/theatre-petit-louvre.fr\\\/avignon\\\/#organization\"},\"potentialAction\":[{\"@type\":\"SearchAction\",\"target\":{\"@type\":\"EntryPoint\",\"urlTemplate\":\"https:\\\/\\\/theatre-petit-louvre.fr\\\/avignon\\\/?s={search_term_string}\"},\"query-input\":{\"@type\":\"PropertyValueSpecification\",\"valueRequired\":true,\"valueName\":\"search_term_string\"}}],\"inLanguage\":\"fr-FR\"},{\"@type\":\"Organization\",\"@id\":\"https:\\\/\\\/theatre-petit-louvre.fr\\\/avignon\\\/#organization\",\"name\":\"Th\u00e9\u00e2tre Le Petit Louvre\",\"url\":\"https:\\\/\\\/theatre-petit-louvre.fr\\\/avignon\\\/\",\"logo\":{\"@type\":\"ImageObject\",\"inLanguage\":\"fr-FR\",\"@id\":\"https:\\\/\\\/theatre-petit-louvre.fr\\\/avignon\\\/#\\\/schema\\\/logo\\\/image\\\/\",\"url\":\"https:\\\/\\\/theatre-petit-louvre.fr\\\/avignon\\\/wp-content\\\/uploads\\\/2022\\\/05\\\/logo_petit-louvre_2008_RVB.png\",\"contentUrl\":\"https:\\\/\\\/theatre-petit-louvre.fr\\\/avignon\\\/wp-content\\\/uploads\\\/2022\\\/05\\\/logo_petit-louvre_2008_RVB.png\",\"width\":374,\"height\":800,\"caption\":\"Th\u00e9\u00e2tre Le Petit Louvre\"},\"image\":{\"@id\":\"https:\\\/\\\/theatre-petit-louvre.fr\\\/avignon\\\/#\\\/schema\\\/logo\\\/image\\\/\"}}]}<\/script>\n<!-- \/ Yoast SEO plugin. -->","yoast_head_json":{"title":"Le Tigre bleu de l'Euphrate - Le Petit Louvre","description":"Chaque \u00e9t\u00e9, un th\u00e9\u00e2tre au c\u0153ur d'Avignon, Festival off : des textes, des auteurs, des autrices, des acteurs, des actrices. Deux salles climatis\u00e9es, 15 spectacles, un bar-restaurant.","robots":{"index":"index","follow":"follow","max-snippet":"max-snippet:-1","max-image-preview":"max-image-preview:large","max-video-preview":"max-video-preview:-1"},"canonical":"https:\/\/theatre-petit-louvre.fr\/avignon\/archives\/2013-2\/le-tigre-bleu-de-leuphrate\/","og_locale":"fr_FR","og_type":"article","og_title":"Le Tigre bleu de l'Euphrate - Le Petit Louvre","og_description":"Chaque \u00e9t\u00e9, un th\u00e9\u00e2tre au c\u0153ur d'Avignon, Festival off : des textes, des auteurs, des autrices, des acteurs, des actrices. Deux salles climatis\u00e9es, 15 spectacles, un bar-restaurant.","og_url":"https:\/\/theatre-petit-louvre.fr\/avignon\/archives\/2013-2\/le-tigre-bleu-de-leuphrate\/","og_site_name":"Le Petit Louvre","article_modified_time":"2014-02-12T15:39:21+00:00","og_image":[{"url":"http:\/\/theatrelepetitlouvre.com\/avignon\/wp-content\/uploads\/2013\/05\/tigre-bleu-de-l-euphrate.jpg","type":"","width":"","height":""}],"twitter_misc":{"Dur\u00e9e de lecture estim\u00e9e":"2 minutes"},"schema":{"@context":"https:\/\/schema.org","@graph":[{"@type":"WebPage","@id":"https:\/\/theatre-petit-louvre.fr\/avignon\/archives\/2013-2\/le-tigre-bleu-de-leuphrate\/","url":"https:\/\/theatre-petit-louvre.fr\/avignon\/archives\/2013-2\/le-tigre-bleu-de-leuphrate\/","name":"Le Tigre bleu de l'Euphrate - Le Petit Louvre","isPartOf":{"@id":"https:\/\/theatre-petit-louvre.fr\/avignon\/#website"},"primaryImageOfPage":{"@id":"https:\/\/theatre-petit-louvre.fr\/avignon\/archives\/2013-2\/le-tigre-bleu-de-leuphrate\/#primaryimage"},"image":{"@id":"https:\/\/theatre-petit-louvre.fr\/avignon\/archives\/2013-2\/le-tigre-bleu-de-leuphrate\/#primaryimage"},"thumbnailUrl":"http:\/\/theatrelepetitlouvre.com\/avignon\/wp-content\/uploads\/2013\/05\/tigre-bleu-de-l-euphrate.jpg","datePublished":"2013-05-18T09:35:30+00:00","dateModified":"2014-02-12T15:39:21+00:00","description":"Chaque \u00e9t\u00e9, un th\u00e9\u00e2tre au c\u0153ur d'Avignon, Festival off : des textes, des auteurs, des autrices, des acteurs, des actrices. Deux salles climatis\u00e9es, 15 spectacles, un bar-restaurant.","breadcrumb":{"@id":"https:\/\/theatre-petit-louvre.fr\/avignon\/archives\/2013-2\/le-tigre-bleu-de-leuphrate\/#breadcrumb"},"inLanguage":"fr-FR","potentialAction":[{"@type":"ReadAction","target":["https:\/\/theatre-petit-louvre.fr\/avignon\/archives\/2013-2\/le-tigre-bleu-de-leuphrate\/"]}]},{"@type":"ImageObject","inLanguage":"fr-FR","@id":"https:\/\/theatre-petit-louvre.fr\/avignon\/archives\/2013-2\/le-tigre-bleu-de-leuphrate\/#primaryimage","url":"http:\/\/theatrelepetitlouvre.com\/avignon\/wp-content\/uploads\/2013\/05\/tigre-bleu-de-l-euphrate.jpg","contentUrl":"http:\/\/theatrelepetitlouvre.com\/avignon\/wp-content\/uploads\/2013\/05\/tigre-bleu-de-l-euphrate.jpg"},{"@type":"BreadcrumbList","@id":"https:\/\/theatre-petit-louvre.fr\/avignon\/archives\/2013-2\/le-tigre-bleu-de-leuphrate\/#breadcrumb","itemListElement":[{"@type":"ListItem","position":1,"name":"Home","item":"https:\/\/theatre-petit-louvre.fr\/avignon\/"},{"@type":"ListItem","position":2,"name":"Archives","item":"https:\/\/theatre-petit-louvre.fr\/avignon\/archives\/"},{"@type":"ListItem","position":3,"name":"2013","item":"https:\/\/theatre-petit-louvre.fr\/avignon\/archives\/2013-2\/"},{"@type":"ListItem","position":4,"name":"Le Tigre bleu de l&rsquo;Euphrate"}]},{"@type":"WebSite","@id":"https:\/\/theatre-petit-louvre.fr\/avignon\/#website","url":"https:\/\/theatre-petit-louvre.fr\/avignon\/","name":"Le Petit Louvre","description":"un th\u00e9\u00e2tre au c\u0153ur d&#039;Avignon | Festival off","publisher":{"@id":"https:\/\/theatre-petit-louvre.fr\/avignon\/#organization"},"potentialAction":[{"@type":"SearchAction","target":{"@type":"EntryPoint","urlTemplate":"https:\/\/theatre-petit-louvre.fr\/avignon\/?s={search_term_string}"},"query-input":{"@type":"PropertyValueSpecification","valueRequired":true,"valueName":"search_term_string"}}],"inLanguage":"fr-FR"},{"@type":"Organization","@id":"https:\/\/theatre-petit-louvre.fr\/avignon\/#organization","name":"Th\u00e9\u00e2tre Le Petit Louvre","url":"https:\/\/theatre-petit-louvre.fr\/avignon\/","logo":{"@type":"ImageObject","inLanguage":"fr-FR","@id":"https:\/\/theatre-petit-louvre.fr\/avignon\/#\/schema\/logo\/image\/","url":"https:\/\/theatre-petit-louvre.fr\/avignon\/wp-content\/uploads\/2022\/05\/logo_petit-louvre_2008_RVB.png","contentUrl":"https:\/\/theatre-petit-louvre.fr\/avignon\/wp-content\/uploads\/2022\/05\/logo_petit-louvre_2008_RVB.png","width":374,"height":800,"caption":"Th\u00e9\u00e2tre Le Petit Louvre"},"image":{"@id":"https:\/\/theatre-petit-louvre.fr\/avignon\/#\/schema\/logo\/image\/"}}]}},"uagb_featured_image_src":{"full":false,"thumbnail":false,"medium":false,"medium_large":false,"large":false,"1536x1536":false,"2048x2048":false},"uagb_author_info":{"display_name":"cyber","author_link":"https:\/\/theatre-petit-louvre.fr\/avignon\/author\/cyber\/"},"uagb_comment_info":0,"uagb_excerpt":"Les derniers jours d\u2019Alexandre le Grand De Laurent Gaud\u00e9.\u00a0Mise en sc\u00e8ne, sc\u00e9nographie,\u00a0\u00a0Gilles Chavassieux \u00a0 Laurent Gaud\u00e9 retrace l\u2019\u00e9pop\u00e9e\u00a0du plus grand conqu\u00e9rant\u00a0de l\u2019histoire, Alexandre le\u00a0Grand qui, parti de Gr\u00e8ce,\u00a0arriva jusqu\u2019en Inde. Une\u00a0aventure \u00e0 travers laquelle\u00a0nous guident un com\u00e9dien\u00a0et une percussionniste\u00a0venue de cette Asie\u00a0qui a toujours fascin\u00e9 \u00a0Alexandre le Grand. Terrass\u00e9 par la fi\u00e8vre,\u00a0Alexandre le Grand, le\u00a0conqu\u00e9rant\u2026","_links":{"self":[{"href":"https:\/\/theatre-petit-louvre.fr\/avignon\/wp-json\/wp\/v2\/pages\/80","targetHints":{"allow":["GET"]}}],"collection":[{"href":"https:\/\/theatre-petit-louvre.fr\/avignon\/wp-json\/wp\/v2\/pages"}],"about":[{"href":"https:\/\/theatre-petit-louvre.fr\/avignon\/wp-json\/wp\/v2\/types\/page"}],"author":[{"embeddable":true,"href":"https:\/\/theatre-petit-louvre.fr\/avignon\/wp-json\/wp\/v2\/users\/1"}],"replies":[{"embeddable":true,"href":"https:\/\/theatre-petit-louvre.fr\/avignon\/wp-json\/wp\/v2\/comments?post=80"}],"version-history":[{"count":11,"href":"https:\/\/theatre-petit-louvre.fr\/avignon\/wp-json\/wp\/v2\/pages\/80\/revisions"}],"predecessor-version":[{"id":561,"href":"https:\/\/theatre-petit-louvre.fr\/avignon\/wp-json\/wp\/v2\/pages\/80\/revisions\/561"}],"up":[{"embeddable":true,"href":"https:\/\/theatre-petit-louvre.fr\/avignon\/wp-json\/wp\/v2\/pages\/548"}],"wp:attachment":[{"href":"https:\/\/theatre-petit-louvre.fr\/avignon\/wp-json\/wp\/v2\/media?parent=80"}],"wp:term":[{"taxonomy":"category","embeddable":true,"href":"https:\/\/theatre-petit-louvre.fr\/avignon\/wp-json\/wp\/v2\/categories?post=80"},{"taxonomy":"post_tag","embeddable":true,"href":"https:\/\/theatre-petit-louvre.fr\/avignon\/wp-json\/wp\/v2\/tags?post=80"}],"curies":[{"name":"wp","href":"https:\/\/api.w.org\/{rel}","templated":true}]}}